{"id":731,"date":"2020-09-29T23:33:33","date_gmt":"2020-09-29T20:33:33","guid":{"rendered":"http:\/\/gonenyapi.com.tr\/?post_type=product&#038;p=731"},"modified":"2020-09-29T23:33:33","modified_gmt":"2020-09-29T20:33:33","slug":"ums-profil-aksesuarlar","status":"publish","type":"product","link":"https:\/\/gonenyapi.com.tr\/index.php\/urun\/ums-profil-aksesuarlar\/","title":{"rendered":"UMS Profil Aksesuarlar"},"content":{"rendered":"<p>Ask\u0131 Ma\u015fas\u0131<\/p>\n<p>Ask\u0131 Teli<\/p>\n<p>Derz band\u0131<\/p>\n<p>Klips<\/p>\n<p>L Braket<\/p>\n<p>Ekleme Par\u00e7as\u0131<\/p>\n<p>Vida ve D\u00fcbel<\/p>\n<p>\u00c7iftli Yay<\/p>\n<p>Agraf<\/p>\n","protected":false},"excerpt":{"rendered":"<p>Akseuarlar<\/p>\n","protected":false},"featured_media":732,"comment_status":"closed","ping_status":"closed","template":"","meta":[],"product_brand":[],"product_cat":[157],"product_tag":[],"class_list":{"0":"post-731","1":"product","2":"type-product","3":"status-publish","4":"has-post-thumbnail","6":"product_cat-aksesuarlar","8":"first","9":"instock","10":"taxable","11":"shipping-taxable","12":"product-type-simple"},"_links":{"self":[{"href":"https:\/\/gonenyapi.com.tr\/index.php\/wp-json\/wp\/v2\/product\/731","targetHints":{"allow":["GET"]}}],"collection":[{"href":"https:\/\/gonenyapi.com.tr\/index.php\/wp-json\/wp\/v2\/product"}],"about":[{"href":"https:\/\/gonenyapi.com.tr\/index.php\/wp-json\/wp\/v2\/types\/product"}],"replies":[{"embeddable":true,"href":"https:\/\/gonenyapi.com.tr\/index.php\/wp-json\/wp\/v2\/comments?post=731"}],"wp:featuredmedia":[{"embeddable":true,"href":"https:\/\/gonenyapi.com.tr\/index.php\/wp-json\/wp\/v2\/media\/732"}],"wp:attachment":[{"href":"https:\/\/gonenyapi.com.tr\/index.php\/wp-json\/wp\/v2\/media?parent=731"}],"wp:term":[{"taxonomy":"product_brand","embeddable":true,"href":"https:\/\/gonenyapi.com.tr\/index.php\/wp-json\/wp\/v2\/product_brand?post=731"},{"taxonomy":"product_cat","embeddable":true,"href":"https:\/\/gonenyapi.com.tr\/index.php\/wp-json\/wp\/v2\/product_cat?post=731"},{"taxonomy":"product_tag","embeddable":true,"href":"https:\/\/gonenyapi.com.tr\/index.php\/wp-json\/wp\/v2\/product_tag?post=731"}],"curies":[{"name":"wp","href":"https:\/\/api.w.org\/{rel}","templated":true}]}}