{"id":722,"date":"2020-09-29T23:26:35","date_gmt":"2020-09-29T20:26:35","guid":{"rendered":"http:\/\/gonenyapi.com.tr\/?post_type=product&#038;p=722"},"modified":"2020-09-29T23:26:36","modified_gmt":"2020-09-29T20:26:36","slug":"duvar-u-75-profilleri","status":"publish","type":"product","link":"https:\/\/gonenyapi.com.tr\/index.php\/urun\/duvar-u-75-profilleri\/","title":{"rendered":"Duvar U 75 Profilleri"},"content":{"rendered":"<section class=\"section primary blog-post\">\n<div class=\"container small-container\">\n<div class=\"post-content\">\n<p>Duvar U Profilleri, al\u00e7\u0131 levha b\u00f6lme duvar yap\u0131m\u0131nda kurulan metal konstr\u00fcksiyonda ta\u015f\u0131y\u0131c\u0131 g\u00f6revi g\u00f6ren DC profillerinin ve b\u00f6lme duvar\u0131n terazide durmas\u0131n\u0131 sa\u011flayan ta\u015f\u0131y\u0131c\u0131 olmayan s\u0131cak dald\u0131rma galvanizli \u00e7eliklerden \u00fcretilen profillerdir.<\/p>\n<p>Duvar U Profilleri TS EN 14195 standard\u0131na uygun \u00fcretilmektedir.<\/p>\n<p>&nbsp;<\/p>\n<\/div>\n<\/div>\n<\/section>\n<section class=\"section primary blog-post\">\n<div class=\"container small-container\">\n<div class=\"span-12\">\n<ul class=\"tabs\">\n<li class=\"animate active\" data-anim-type=\"zoomIn\"><center><i class=\"fa fa-building-o\"><\/i><b>\u00dcr\u00fcn Bilgisi <\/b><\/center><\/li>\n<\/ul>\n<div class=\"tabs-content\">\n<div id=\"demo-tab-1\" class=\"tabs-panel\">\n<h2>\u00dcr\u00fcn Bilgileri<\/h2>\n<hr \/>\n<table border=\"1\" cellspacing=\"0\" cellpadding=\"1\">\n<tbody>\n<tr>\n<td><strong>\u00dcR\u00dcN ADI<\/strong><\/td>\n<td><strong>BOYUTLAR\u00a0<\/strong><strong>\u00a0(mm)<\/strong><\/td>\n<td><strong>UZUNLUK\u00a0<\/strong><strong>(mm)<\/strong><\/td>\n<td><strong>A\u011eIRLIK (kg)<\/strong><\/td>\n<td><strong>AMBALAJ (ba\u011f\/adet)<\/strong><\/td>\n<\/tr>\n<tr>\n<td>DU 75 PROF\u0130L\u0130 0.40 mm<\/td>\n<td>30\/75\/30<\/td>\n<td>3000 mm<\/td>\n<td>0,411<\/td>\n<td>12<\/td>\n<\/tr>\n<tr>\n<td>DU 75 PROF\u0130L\u0130 0.45 mm<\/td>\n<td>30\/75\/30<\/td>\n<td>3000 mm<\/td>\n<td>0,463<\/td>\n<td>12<\/td>\n<\/tr>\n<tr>\n<td>DU 75 PROF\u0130L\u0130 0.50 mm<\/td>\n<td>30\/75\/30<\/td>\n<td>3000 mm<\/td>\n<td>0,514<\/td>\n<td>12<\/td>\n<\/tr>\n<tr>\n<td>DU 75 PROF\u0130L\u0130 0.60 mm<\/td>\n<td>30\/75\/30<\/td>\n<td>3000 mm<\/td>\n<td>0,617<\/td>\n<td>12<\/td>\n<\/tr>\n<\/tbody>\n<\/table>\n<p>UMS Duvar U profilleri 1,20 mm kal\u0131nl\u0131\u011fa kadar \u00fcretilmektedir.<\/p>\n<\/div>\n<\/div>\n<\/div>\n<\/div>\n<\/section>\n","protected":false},"excerpt":{"rendered":"<p>Duvar U Profilleri, al\u00e7\u0131 levha b\u00f6lme duvar yap\u0131m\u0131nda kurulan metal konstr\u00fcksiyonda ta\u015f\u0131y\u0131c\u0131 g\u00f6revi g\u00f6ren DC profillerinin ve b\u00f6lme duvar\u0131n terazide durmas\u0131n\u0131 sa\u011flayan ta\u015f\u0131y\u0131c\u0131 olmayan s\u0131cak dald\u0131rma galvanizli \u00e7eliklerden \u00fcretilen profillerdir.<\/p>\n","protected":false},"featured_media":725,"comment_status":"closed","ping_status":"closed","template":"","meta":[],"product_brand":[],"product_cat":[156],"product_tag":[],"class_list":{"0":"post-722","1":"product","2":"type-product","3":"status-publish","4":"has-post-thumbnail","6":"product_cat-duvar-profilleri","8":"first","9":"instock","10":"taxable","11":"shipping-taxable","12":"product-type-simple"},"_links":{"self":[{"href":"https:\/\/gonenyapi.com.tr\/index.php\/wp-json\/wp\/v2\/product\/722","targetHints":{"allow":["GET"]}}],"collection":[{"href":"https:\/\/gonenyapi.com.tr\/index.php\/wp-json\/wp\/v2\/product"}],"about":[{"href":"https:\/\/gonenyapi.com.tr\/index.php\/wp-json\/wp\/v2\/types\/product"}],"replies":[{"embeddable":true,"href":"https:\/\/gonenyapi.com.tr\/index.php\/wp-json\/wp\/v2\/comments?post=722"}],"wp:featuredmedia":[{"embeddable":true,"href":"https:\/\/gonenyapi.com.tr\/index.php\/wp-json\/wp\/v2\/media\/725"}],"wp:attachment":[{"href":"https:\/\/gonenyapi.com.tr\/index.php\/wp-json\/wp\/v2\/media?parent=722"}],"wp:term":[{"taxonomy":"product_brand","embeddable":true,"href":"https:\/\/gonenyapi.com.tr\/index.php\/wp-json\/wp\/v2\/product_brand?post=722"},{"taxonomy":"product_cat","embeddable":true,"href":"https:\/\/gonenyapi.com.tr\/index.php\/wp-json\/wp\/v2\/product_cat?post=722"},{"taxonomy":"product_tag","embeddable":true,"href":"https:\/\/gonenyapi.com.tr\/index.php\/wp-json\/wp\/v2\/product_tag?post=722"}],"curies":[{"name":"wp","href":"https:\/\/api.w.org\/{rel}","templated":true}]}}