{"id":259,"date":"2020-09-20T18:39:18","date_gmt":"2020-09-20T18:39:18","guid":{"rendered":"http:\/\/gonenyapi.com.tr\/?post_type=product&#038;p=259"},"modified":"2020-09-20T18:39:18","modified_gmt":"2020-09-20T18:39:18","slug":"pantherm-donati-filesi","status":"publish","type":"product","link":"https:\/\/gonenyapi.com.tr\/index.php\/urun\/pantherm-donati-filesi\/","title":{"rendered":"Pantherm Donat\u0131 Filesi"},"content":{"rendered":"<div class=\"fusion-layout-column fusion_builder_column fusion_builder_column_4_5 fusion-builder-column-2 fusion-four-fifth fusion-column-last 4_5\">\n<div class=\"fusion-column-wrapper\" data-bg-url=\"\">\n<div class=\"fusion-builder-row fusion-builder-row-inner fusion-row \">\n<div class=\"fusion-layout-column fusion_builder_column fusion_builder_column_2_3  fusion-two-third fusion-column-last 2_3\">\n<div class=\"fusion-column-wrapper\" data-bg-url=\"\">\n<div class=\"fusion-text\">\n<p>Alkaliye ve kimyasallara kar\u015f\u0131 lif katmanlar\u0131 emprenye cam elyaf donat\u0131 filesi<\/p>\n<\/div>\n<\/div>\n<\/div>\n<div class=\"fusion-layout-column fusion_builder_column fusion_builder_column_1_1  fusion-one-full fusion-column-first fusion-column-last 1_1\">\n<div class=\"fusion-column-wrapper\" data-bg-url=\"\">\n<div class=\"fusion-tabs fusion-tabs-1 classic nav-not-justified horizontal-tabs icon-position-left\">\n<div class=\"nav\">\n<ul class=\"nav-tabs\">\n<li class=\"active\">\n<h4 class=\"fusion-tab-heading\" data-fontsize=\"15\" data-lineheight=\"25\">Detayl\u0131 Bilgi<\/h4>\n<\/li>\n<\/ul>\n<\/div>\n<div class=\"tab-content\">\n<div id=\"tab-7c12f967c79d2d2efc0\" class=\"tab-pane fade fusion-clearfix in active\">\n<p><img loading=\"lazy\" decoding=\"async\" class=\"alignnone size-full wp-image-12485\" src=\"https:\/\/absalci.com.tr\/wp-content\/uploads\/2018\/10\/PANTHERM-donati-filesi-teknik.jpg\" sizes=\"auto, (max-width: 639px) 100vw, 639px\" srcset=\"https:\/\/www.absalci.com.tr\/wp-content\/uploads\/2018\/10\/PANTHERM-donati-filesi-teknik-200x60.jpg 200w, https:\/\/www.absalci.com.tr\/wp-content\/uploads\/2018\/10\/PANTHERM-donati-filesi-teknik-300x90.jpg 300w, https:\/\/www.absalci.com.tr\/wp-content\/uploads\/2018\/10\/PANTHERM-donati-filesi-teknik-400x120.jpg 400w, https:\/\/www.absalci.com.tr\/wp-content\/uploads\/2018\/10\/PANTHERM-donati-filesi-teknik-600x179.jpg 600w, https:\/\/www.absalci.com.tr\/wp-content\/uploads\/2018\/10\/PANTHERM-donati-filesi-teknik.jpg 639w\" alt=\"\" width=\"639\" height=\"191\" \/><\/p>\n<\/div>\n<\/div>\n<\/div>\n<\/div>\n<\/div>\n<\/div>\n<div class=\"fusion-clearfix\"><\/div>\n<\/div>\n<\/div>\n","protected":false},"excerpt":{"rendered":"<p>Alkaliye ve kimyasallara kar\u015f\u0131 lif katmanlar\u0131 emprenye cam elyaf donat\u0131 filesi<\/p>\n","protected":false},"featured_media":260,"comment_status":"closed","ping_status":"closed","template":"","meta":[],"product_brand":[],"product_cat":[48],"product_tag":[19,49,42,41],"class_list":{"0":"post-259","1":"product","2":"type-product","3":"status-publish","4":"has-post-thumbnail","6":"product_cat-isi-yalitim-sistemi-urunleri","7":"product_tag-abs","8":"product_tag-isi-yalitim-sistemi","9":"product_tag-kimyasallari","10":"product_tag-yapi","12":"first","13":"instock","14":"taxable","15":"shipping-taxable","16":"product-type-simple"},"_links":{"self":[{"href":"https:\/\/gonenyapi.com.tr\/index.php\/wp-json\/wp\/v2\/product\/259","targetHints":{"allow":["GET"]}}],"collection":[{"href":"https:\/\/gonenyapi.com.tr\/index.php\/wp-json\/wp\/v2\/product"}],"about":[{"href":"https:\/\/gonenyapi.com.tr\/index.php\/wp-json\/wp\/v2\/types\/product"}],"replies":[{"embeddable":true,"href":"https:\/\/gonenyapi.com.tr\/index.php\/wp-json\/wp\/v2\/comments?post=259"}],"wp:featuredmedia":[{"embeddable":true,"href":"https:\/\/gonenyapi.com.tr\/index.php\/wp-json\/wp\/v2\/media\/260"}],"wp:attachment":[{"href":"https:\/\/gonenyapi.com.tr\/index.php\/wp-json\/wp\/v2\/media?parent=259"}],"wp:term":[{"taxonomy":"product_brand","embeddable":true,"href":"https:\/\/gonenyapi.com.tr\/index.php\/wp-json\/wp\/v2\/product_brand?post=259"},{"taxonomy":"product_cat","embeddable":true,"href":"https:\/\/gonenyapi.com.tr\/index.php\/wp-json\/wp\/v2\/product_cat?post=259"},{"taxonomy":"product_tag","embeddable":true,"href":"https:\/\/gonenyapi.com.tr\/index.php\/wp-json\/wp\/v2\/product_tag?post=259"}],"curies":[{"name":"wp","href":"https:\/\/api.w.org\/{rel}","templated":true}]}}