{"id":253,"date":"2020-09-20T18:32:20","date_gmt":"2020-09-20T18:32:20","guid":{"rendered":"http:\/\/gonenyapi.com.tr\/?post_type=product&#038;p=253"},"modified":"2020-09-20T18:32:20","modified_gmt":"2020-09-20T18:32:20","slug":"pantherm-isi-yalitim-levhasi","status":"publish","type":"product","link":"https:\/\/gonenyapi.com.tr\/index.php\/urun\/pantherm-isi-yalitim-levhasi\/","title":{"rendered":"Pantherm Is\u0131 Yal\u0131t\u0131m Levhas\u0131"},"content":{"rendered":"<div class=\"fusion-layout-column fusion_builder_column fusion_builder_column_2_3  fusion-two-third fusion-column-last 2_3\">\n<div class=\"fusion-column-wrapper\" data-bg-url=\"\">\n<div class=\"fusion-text\">\n<p>Genle\u015ftirilmi\u015f polistrenden \u00fcretilmi\u015f, EPS, \u0131s\u0131 yal\u0131t\u0131m levhas\u0131d\u0131r.<\/p>\n<p>Beyaz, gri (grafit reklet\u00f6r takviyeli-neopor) ve karbonlu olmak \u00fczere \u00fc\u00e7 tiptir.<\/p>\n<\/div>\n<\/div>\n<\/div>\n<div class=\"fusion-layout-column fusion_builder_column fusion_builder_column_1_1  fusion-one-full fusion-column-first fusion-column-last 1_1\">\n<div class=\"fusion-column-wrapper\" data-bg-url=\"\">\n<div class=\"fusion-tabs fusion-tabs-1 classic nav-not-justified horizontal-tabs icon-position-left\">\n<div class=\"nav\">\n<ul class=\"nav-tabs\">\n<li class=\"active\">\n<h4 class=\"fusion-tab-heading\" data-fontsize=\"15\" data-lineheight=\"25\">Detayl\u0131 Bilgi<\/h4>\n<\/li>\n<\/ul>\n<\/div>\n<div class=\"tab-content\">\n<div id=\"tab-fba5729de4ff5a37f3c\" class=\"tab-pane fade fusion-clearfix in active\">\n<p><img loading=\"lazy\" decoding=\"async\" class=\"alignnone size-full wp-image-12500\" src=\"https:\/\/absalci.com.tr\/wp-content\/uploads\/2018\/10\/PANTHERM-isi-yalitim-levhasi-teknik.jpg\" sizes=\"auto, (max-width: 639px) 100vw, 639px\" srcset=\"https:\/\/www.absalci.com.tr\/wp-content\/uploads\/2018\/10\/PANTHERM-isi-yalitim-levhasi-teknik-200x60.jpg 200w, https:\/\/www.absalci.com.tr\/wp-content\/uploads\/2018\/10\/PANTHERM-isi-yalitim-levhasi-teknik-300x90.jpg 300w, https:\/\/www.absalci.com.tr\/wp-content\/uploads\/2018\/10\/PANTHERM-isi-yalitim-levhasi-teknik-400x120.jpg 400w, https:\/\/www.absalci.com.tr\/wp-content\/uploads\/2018\/10\/PANTHERM-isi-yalitim-levhasi-teknik-600x179.jpg 600w, https:\/\/www.absalci.com.tr\/wp-content\/uploads\/2018\/10\/PANTHERM-isi-yalitim-levhasi-teknik.jpg 639w\" alt=\"\" width=\"639\" height=\"191\" \/><\/p>\n<\/div>\n<\/div>\n<\/div>\n<\/div>\n<\/div>\n","protected":false},"excerpt":{"rendered":"<p>Genle\u015ftirilmi\u015f polistrenden \u00fcretilmi\u015f, EPS, \u0131s\u0131 yal\u0131t\u0131m levhas\u0131d\u0131r.<\/p>\n","protected":false},"featured_media":254,"comment_status":"closed","ping_status":"closed","template":"","meta":[],"product_brand":[],"product_cat":[48],"product_tag":[19,49,42,41],"class_list":{"0":"post-253","1":"product","2":"type-product","3":"status-publish","4":"has-post-thumbnail","6":"product_cat-isi-yalitim-sistemi-urunleri","7":"product_tag-abs","8":"product_tag-isi-yalitim-sistemi","9":"product_tag-kimyasallari","10":"product_tag-yapi","12":"first","13":"instock","14":"taxable","15":"shipping-taxable","16":"product-type-simple"},"_links":{"self":[{"href":"https:\/\/gonenyapi.com.tr\/index.php\/wp-json\/wp\/v2\/product\/253","targetHints":{"allow":["GET"]}}],"collection":[{"href":"https:\/\/gonenyapi.com.tr\/index.php\/wp-json\/wp\/v2\/product"}],"about":[{"href":"https:\/\/gonenyapi.com.tr\/index.php\/wp-json\/wp\/v2\/types\/product"}],"replies":[{"embeddable":true,"href":"https:\/\/gonenyapi.com.tr\/index.php\/wp-json\/wp\/v2\/comments?post=253"}],"wp:featuredmedia":[{"embeddable":true,"href":"https:\/\/gonenyapi.com.tr\/index.php\/wp-json\/wp\/v2\/media\/254"}],"wp:attachment":[{"href":"https:\/\/gonenyapi.com.tr\/index.php\/wp-json\/wp\/v2\/media?parent=253"}],"wp:term":[{"taxonomy":"product_brand","embeddable":true,"href":"https:\/\/gonenyapi.com.tr\/index.php\/wp-json\/wp\/v2\/product_brand?post=253"},{"taxonomy":"product_cat","embeddable":true,"href":"https:\/\/gonenyapi.com.tr\/index.php\/wp-json\/wp\/v2\/product_cat?post=253"},{"taxonomy":"product_tag","embeddable":true,"href":"https:\/\/gonenyapi.com.tr\/index.php\/wp-json\/wp\/v2\/product_tag?post=253"}],"curies":[{"name":"wp","href":"https:\/\/api.w.org\/{rel}","templated":true}]}}