{"id":179,"date":"2020-09-19T17:49:35","date_gmt":"2020-09-19T17:49:35","guid":{"rendered":"http:\/\/gonenyapi.com.tr\/?post_type=product&#038;p=179"},"modified":"2020-09-19T18:54:20","modified_gmt":"2020-09-19T18:54:20","slug":"siva-1982-25-kg","status":"publish","type":"product","link":"https:\/\/gonenyapi.com.tr\/index.php\/urun\/siva-1982-25-kg\/","title":{"rendered":"SIVA 1982 25 kg"},"content":{"rendered":"<div class=\"nav\">\n<ul class=\"nav-tabs\">\n<li class=\"active\">\n<h4 class=\"fusion-tab-heading\" data-fontsize=\"15\" data-lineheight=\"25\">Detayl\u0131 Bilgi<\/h4>\n<\/li>\n<\/ul>\n<\/div>\n<div class=\"tab-content\">\n<div id=\"tab-968f5b00ec6826817b0\" class=\"tab-pane fade fusion-clearfix in active\">\n<p>Kar\u0131\u015f\u0131m Suyu 10 kg al\u00e7\u0131ya 6,0-6,5 lt su.<br \/>\nDonma Sonu 150 dakika*<br \/>\nKullanabilirlik S\u00fcresi 60 Dakika<br \/>\nTek Katta Uygulama Kal\u0131nl\u0131\u011f\u0131 min. 5mm.<br \/>\nT\u00fcketim Miktar\u0131(1 cm Kal\u0131nl\u0131kta) 10 kg\/m\u00b2<br \/>\nKuruma S\u00fcresi max. 4 g\u00fcn<br \/>\nSu Absorbsiyonu A\u011f\u0131rl\u0131\u011f\u0131n %32\u2019si<br \/>\nY\u00fczey Sertli\u011fi 40 Shore D<br \/>\nKuru Birim Hacim A\u011f\u0131rl\u0131\u011f\u0131 1.150 kg\/m3<br \/>\nE\u011filme Mukavemeti min. 1,0 N\/mm\u00b2<br \/>\nBas\u0131n\u00e7 Mukavemeti min. 2,5 N\/mm\u00b2<br \/>\nIs\u0131 \u0130letkenli\u011fi 0,30W\/mK (0,26 Kcal\/mh\u00baC)<br \/>\n* Belirtilen donma zamanlar\u0131 uygulama ve mevsim ko\u015fullar\u0131na g\u00f6re +\/- % 10 de\u011fi\u015fiklik g\u00f6sterebilir.<\/p>\n<\/div>\n<\/div>\n","protected":false},"excerpt":{"rendered":"<p>Beton, gaz beton, tu\u011fla ve bimsblok gibi y\u00fczeylere do\u011frudan uygulanabilen sa\u011fl\u0131kl\u0131 ve do\u011fal bir haz\u0131r al\u00e7\u0131 s\u0131va \u00fcr\u00fcn\u00fcd\u00fcr.<\/p>\n","protected":false},"featured_media":180,"comment_status":"closed","ping_status":"closed","template":"","meta":[],"product_brand":[],"product_cat":[17,18],"product_tag":[19,21,27,20],"class_list":{"0":"post-179","1":"product","2":"type-product","3":"status-publish","4":"has-post-thumbnail","6":"product_cat-abs-alci","7":"product_cat-toz-alci","8":"product_tag-abs","9":"product_tag-alci","10":"product_tag-siva","11":"product_tag-toz","13":"first","14":"instock","15":"taxable","16":"shipping-taxable","17":"product-type-simple"},"_links":{"self":[{"href":"https:\/\/gonenyapi.com.tr\/index.php\/wp-json\/wp\/v2\/product\/179","targetHints":{"allow":["GET"]}}],"collection":[{"href":"https:\/\/gonenyapi.com.tr\/index.php\/wp-json\/wp\/v2\/product"}],"about":[{"href":"https:\/\/gonenyapi.com.tr\/index.php\/wp-json\/wp\/v2\/types\/product"}],"replies":[{"embeddable":true,"href":"https:\/\/gonenyapi.com.tr\/index.php\/wp-json\/wp\/v2\/comments?post=179"}],"wp:featuredmedia":[{"embeddable":true,"href":"https:\/\/gonenyapi.com.tr\/index.php\/wp-json\/wp\/v2\/media\/180"}],"wp:attachment":[{"href":"https:\/\/gonenyapi.com.tr\/index.php\/wp-json\/wp\/v2\/media?parent=179"}],"wp:term":[{"taxonomy":"product_brand","embeddable":true,"href":"https:\/\/gonenyapi.com.tr\/index.php\/wp-json\/wp\/v2\/product_brand?post=179"},{"taxonomy":"product_cat","embeddable":true,"href":"https:\/\/gonenyapi.com.tr\/index.php\/wp-json\/wp\/v2\/product_cat?post=179"},{"taxonomy":"product_tag","embeddable":true,"href":"https:\/\/gonenyapi.com.tr\/index.php\/wp-json\/wp\/v2\/product_tag?post=179"}],"curies":[{"name":"wp","href":"https:\/\/api.w.org\/{rel}","templated":true}]}}