{"id":842,"date":"2020-09-30T09:58:25","date_gmt":"2020-09-30T06:58:25","guid":{"rendered":"http:\/\/gonenyapi.com.tr\/?post_type=product&#038;p=842"},"modified":"2020-09-30T09:58:25","modified_gmt":"2020-09-30T06:58:25","slug":"paslanmaz-celik-radyator-laro","status":"publish","type":"product","link":"http:\/\/gonenyapi.com.tr\/index.php\/urun\/paslanmaz-celik-radyator-laro\/","title":{"rendered":"PASLANMAZ \u00c7EL\u0130K RADYAT\u00d6R &#8211; LARO"},"content":{"rendered":"<h5 id=\"ui-id-1\" class=\"clearfix edgtf-title-holder ui-accordion-header ui-state-default ui-accordion-header-active ui-state-active ui-corner-top\" tabindex=\"0\" role=\"tab\" aria-controls=\"ui-id-2\" aria-selected=\"true\" aria-expanded=\"true\"><span class=\"edgtf-tab-title\"><span class=\"edgtf-tab-title-inner\">TEKN\u0130K \u00d6ZELL\u0130KLER <\/span> <\/span><\/h5>\n<div id=\"ui-id-2\" class=\"edgtf-accordion-content ui-accordion-content ui-helper-reset ui-widget-content ui-corner-bottom ui-accordion-content-active\" role=\"tabpanel\" aria-labelledby=\"ui-id-1\" aria-hidden=\"false\">\n<div class=\"edgtf-accordion-content-inner\">\n<div class=\"wpb_text_column wpb_content_element \">\n<div class=\"wpb_wrapper\">\n<div>\n<table cellspacing=\"0\" cellpadding=\"0\">\n<tbody>\n<tr>\n<td valign=\"middle\"><b>Anma \u00d6l\u00e7\u00fcs\u00fc<br \/>\n<\/b><b><i>Height<span class=\"Apple-converted-space\"><br \/>\n<\/span><\/i><\/b><b><i>(mm)<\/i><\/b><\/td>\n<td valign=\"middle\"><b>Y\u00fckseklik<br \/>\n<\/b><b><i>Width<br \/>\n<\/i><\/b><b><i>(mm)<\/i><\/b><\/td>\n<td valign=\"middle\"><b>Ba\u011flant\u0131 <\/b><b>Mesafesi<br \/>\n<\/b><b><i>Pipe <\/i><\/b><b><i>Centres<br \/>\n(mm)<\/i><\/b><\/td>\n<td valign=\"middle\"><b>Duvar ile<br \/>\nBa\u011flant\u0131 <\/b><b>Mesafesi<span class=\"Apple-converted-space\"><br \/>\n<\/span><\/b><b><i>Wall to Pipe Centres<br \/>\n<\/i><\/b><b><i>(mm)<\/i><\/b><\/td>\n<td valign=\"middle\"><b>Duvar Mesafesi<span class=\"Apple-converted-space\"><br \/>\n<\/span><\/b><b><i>Wall\u00a0<\/i><\/b><b><i>Distance<br \/>\n<\/i><\/b><b><i>(mm)<\/i><\/b><\/td>\n<td valign=\"middle\"><b>Is\u0131 Verimi<br \/>\n<\/b><b><i>DELTA: T50C<br \/>\n<\/i><\/b><b>BTU<\/b><\/td>\n<td valign=\"middle\"><b>Is\u0131 Verimi<br \/>\n<\/b><b><i>DELTA: T50C<br \/>\n<\/i><\/b><b>WATT<\/b><\/td>\n<td valign=\"middle\"><b>Is\u0131 Verimi<br \/>\n<\/b><b><i>DELTA: T60C<br \/>\n<\/i><\/b><b>BTU<\/b><\/td>\n<td valign=\"middle\"><b>Is\u0131 Verimi<br \/>\n<\/b><b><i>DELTA: T60C<br \/>\n<\/i><\/b><b>WATT<\/b><\/td>\n<\/tr>\n<tr>\n<td valign=\"middle\"><i>795<\/i><\/td>\n<td valign=\"middle\"><i>500<\/i><\/td>\n<td valign=\"middle\"><i>450<\/i><\/td>\n<td valign=\"middle\"><i> 80 \u2013 95<\/i><\/td>\n<td valign=\"middle\"><i>120 \u2013 135<\/i><\/td>\n<td valign=\"middle\"><i>1215<\/i><\/td>\n<td valign=\"middle\"><i>356<\/i><\/td>\n<td valign=\"middle\"><i>1539<\/i><\/td>\n<td valign=\"middle\"><i>451<\/i><\/td>\n<\/tr>\n<tr>\n<td valign=\"middle\"><i>1180<\/i><\/td>\n<td valign=\"middle\"><i>500<\/i><\/td>\n<td valign=\"middle\"><i>450<\/i><\/td>\n<td valign=\"middle\"><i> 80 \u2013 95<\/i><\/td>\n<td valign=\"middle\"><i>120 \u2013 135<\/i><\/td>\n<td valign=\"middle\"><i>1750<\/i><\/td>\n<td valign=\"middle\"><i>513<\/i><\/td>\n<td valign=\"middle\"><i>2217<\/i><\/td>\n<td valign=\"middle\"><i>650<\/i><\/td>\n<\/tr>\n<\/tbody>\n<\/table>\n<\/div>\n<\/div>\n<\/div>\n<\/div>\n<\/div>\n","protected":false},"excerpt":{"rendered":"<h5 id=\"ui-id-1\" class=\"clearfix edgtf-title-holder ui-accordion-header ui-state-default ui-accordion-header-active ui-state-active ui-corner-top\" tabindex=\"0\" role=\"tab\" aria-controls=\"ui-id-2\" aria-selected=\"true\" aria-expanded=\"true\"><span class=\"edgtf-tab-title\"><span class=\"edgtf-tab-title-inner\">TEKN\u0130K \u00d6ZELL\u0130KLER <\/span> <\/span><\/h5>\n<div id=\"ui-id-2\" class=\"edgtf-accordion-content ui-accordion-content ui-helper-reset ui-widget-content ui-corner-bottom ui-accordion-content-active\" role=\"tabpanel\" aria-labelledby=\"ui-id-1\" aria-hidden=\"false\">\n<div class=\"edgtf-accordion-content-inner\">\n<div class=\"wpb_text_column wpb_content_element \">\n<div class=\"wpb_wrapper\">\n<div>\n<table cellspacing=\"0\" cellpadding=\"0\">\n<tbody>\n<tr>\n<td valign=\"middle\"><b>Anma \u00d6l\u00e7\u00fcs\u00fc<br \/>\n<\/b><b><i>Height<span class=\"Apple-converted-space\"><br \/>\n<\/span><\/i><\/b><b><i>(mm)<\/i><\/b><\/td>\n<td valign=\"middle\"><b>Y\u00fckseklik<br \/>\n<\/b><b><i>Width<br \/>\n<\/i><\/b><b><i>(mm)<\/i><\/b><\/td>\n<td valign=\"middle\"><b>Ba\u011flant\u0131 <\/b><b>Mesafesi<br \/>\n<\/b><b><i>Pipe <\/i><\/b><b><i>Centres<br \/>\n(mm)<\/i><\/b><\/td>\n<td valign=\"middle\"><b>Duvar ile<br \/>\nBa\u011flant\u0131 <\/b><b>Mesafesi<span class=\"Apple-converted-space\"><br \/>\n<\/span><\/b><b><i>Wall to Pipe Centres<br \/>\n<\/i><\/b><b><i>(mm)<\/i><\/b><\/td>\n<td valign=\"middle\"><b>Duvar Mesafesi<span class=\"Apple-converted-space\"><br \/>\n<\/span><\/b><b><i>Wall\u00a0<\/i><\/b><b><i>Distance<br \/>\n<\/i><\/b><b><i>(mm)<\/i><\/b><\/td>\n<td valign=\"middle\"><b>Is\u0131 Verimi<br \/>\n<\/b><b><i>DELTA: T50C<br \/>\n<\/i><\/b><b>BTU<\/b><\/td>\n<td valign=\"middle\"><b>Is\u0131 Verimi<br \/>\n<\/b><b><i>DELTA: T50C<br \/>\n<\/i><\/b><b>WATT<\/b><\/td>\n<td valign=\"middle\"><b>Is\u0131 Verimi<br \/>\n<\/b><b><i>DELTA: T60C<br \/>\n<\/i><\/b><b>BTU<\/b><\/td>\n<td valign=\"middle\"><b>Is\u0131 Verimi<br \/>\n<\/b><b><i>DELTA: T60C<br \/>\n<\/i><\/b><b>WATT<\/b><\/td>\n<\/tr>\n<tr>\n<td valign=\"middle\"><i>795<\/i><\/td>\n<td valign=\"middle\"><i>500<\/i><\/td>\n<td valign=\"middle\"><i>450<\/i><\/td>\n<td valign=\"middle\"><i> 80 \u2013 95<\/i><\/td>\n<td valign=\"middle\"><i>120 \u2013 135<\/i><\/td>\n<td valign=\"middle\"><i>1215<\/i><\/td>\n<td valign=\"middle\"><i>356<\/i><\/td>\n<td valign=\"middle\"><i>1539<\/i><\/td>\n<td valign=\"middle\"><i>451<\/i><\/td>\n<\/tr>\n<tr>\n<td valign=\"middle\"><i>1180<\/i><\/td>\n<td valign=\"middle\"><i>500<\/i><\/td>\n<td valign=\"middle\"><i>450<\/i><\/td>\n<td valign=\"middle\"><i> 80 \u2013 95<\/i><\/td>\n<td valign=\"middle\"><i>120 \u2013 135<\/i><\/td>\n<td valign=\"middle\"><i>1750<\/i><\/td>\n<td valign=\"middle\"><i>513<\/i><\/td>\n<td valign=\"middle\"><i>2217<\/i><\/td>\n<td valign=\"middle\"><i>650<\/i><\/td>\n<\/tr>\n<\/tbody>\n<\/table>\n<\/div>\n<\/div>\n<\/div>\n<\/div>\n<\/div>\n","protected":false},"featured_media":844,"comment_status":"closed","ping_status":"closed","template":"","meta":[],"product_brand":[],"product_cat":[165],"product_tag":[],"class_list":{"0":"post-842","1":"product","2":"type-product","3":"status-publish","4":"has-post-thumbnail","6":"product_cat-dizayn-radyator","8":"first","9":"instock","10":"taxable","11":"shipping-taxable","12":"product-type-simple"},"_links":{"self":[{"href":"http:\/\/gonenyapi.com.tr\/index.php\/wp-json\/wp\/v2\/product\/842","targetHints":{"allow":["GET"]}}],"collection":[{"href":"http:\/\/gonenyapi.com.tr\/index.php\/wp-json\/wp\/v2\/product"}],"about":[{"href":"http:\/\/gonenyapi.com.tr\/index.php\/wp-json\/wp\/v2\/types\/product"}],"replies":[{"embeddable":true,"href":"http:\/\/gonenyapi.com.tr\/index.php\/wp-json\/wp\/v2\/comments?post=842"}],"wp:featuredmedia":[{"embeddable":true,"href":"http:\/\/gonenyapi.com.tr\/index.php\/wp-json\/wp\/v2\/media\/844"}],"wp:attachment":[{"href":"http:\/\/gonenyapi.com.tr\/index.php\/wp-json\/wp\/v2\/media?parent=842"}],"wp:term":[{"taxonomy":"product_brand","embeddable":true,"href":"http:\/\/gonenyapi.com.tr\/index.php\/wp-json\/wp\/v2\/product_brand?post=842"},{"taxonomy":"product_cat","embeddable":true,"href":"http:\/\/gonenyapi.com.tr\/index.php\/wp-json\/wp\/v2\/product_cat?post=842"},{"taxonomy":"product_tag","embeddable":true,"href":"http:\/\/gonenyapi.com.tr\/index.php\/wp-json\/wp\/v2\/product_tag?post=842"}],"curies":[{"name":"wp","href":"https:\/\/api.w.org\/{rel}","templated":true}]}}