{"id":821,"date":"2020-09-30T09:39:22","date_gmt":"2020-09-30T06:39:22","guid":{"rendered":"http:\/\/gonenyapi.com.tr\/?post_type=product&#038;p=821"},"modified":"2020-09-30T09:39:22","modified_gmt":"2020-09-30T06:39:22","slug":"panel-dizayn-elit-panel-radyator","status":"publish","type":"product","link":"http:\/\/gonenyapi.com.tr\/index.php\/urun\/panel-dizayn-elit-panel-radyator\/","title":{"rendered":"PANEL D\u0130ZAYN &#8211; Elit Panel Radyat\u00f6r"},"content":{"rendered":"<h5 id=\"ui-id-1\" class=\"clearfix edgtf-title-holder ui-accordion-header ui-state-default ui-accordion-header-active ui-state-active ui-corner-top\" tabindex=\"0\" role=\"tab\" aria-controls=\"ui-id-2\" aria-selected=\"true\" aria-expanded=\"true\"><span class=\"edgtf-tab-title\"><span class=\"edgtf-tab-title-inner\">ELITE PANEL T\u0130P 11 \u00dcR\u00dcN \u00d6ZELL\u0130KLER\u0130 <\/span> <\/span><\/h5>\n<div id=\"ui-id-2\" class=\"edgtf-accordion-content ui-accordion-content ui-helper-reset ui-widget-content ui-corner-bottom ui-accordion-content-active\" role=\"tabpanel\" aria-labelledby=\"ui-id-1\" aria-hidden=\"false\">\n<div class=\"edgtf-accordion-content-inner\">\n<div class=\"wpb_text_column wpb_content_element \">\n<div class=\"wpb_wrapper\">\n<table cellspacing=\"0\" cellpadding=\"0\">\n<tbody>\n<tr>\n<td valign=\"middle\"><b>Toplam Y\u00fckseklik<br \/>\n<\/b><b><i>Overall Height<br \/>\n<\/i><\/b><b><i>(mm)<\/i><\/b><\/td>\n<td valign=\"middle\"><b>Geni\u015flik<br \/>\n<\/b><b><i>Dimension Width<br \/>\n<\/i><\/b><b><i>(mm) <\/i><\/b><\/td>\n<td valign=\"middle\"><b>Is\u0131 Verimi<br \/>\n<\/b><b><i>DELTA: T60C<br \/>\n<\/i><\/b><b>BTU<\/b><\/td>\n<td valign=\"middle\"><b>Is\u0131 Verimi<br \/>\n<\/b><b><i>DELTA: T60C<br \/>\n<\/i><\/b><b>WATT<\/b><\/td>\n<\/tr>\n<tr>\n<td valign=\"middle\"><i>300<\/i><\/td>\n<td valign=\"middle\"><i>600<\/i><\/td>\n<td valign=\"middle\"><i>1139<\/i><\/td>\n<td valign=\"middle\"><i>334<\/i><\/td>\n<\/tr>\n<tr>\n<td valign=\"middle\"><i>300<\/i><\/td>\n<td valign=\"middle\"><i>1000<\/i><\/td>\n<td valign=\"middle\"><i>1899<\/i><\/td>\n<td valign=\"middle\"><i>556<\/i><\/td>\n<\/tr>\n<tr>\n<td valign=\"middle\"><i>300<\/i><\/td>\n<td valign=\"middle\"><i>1200<\/i><\/td>\n<td valign=\"middle\"><i>2277<\/i><\/td>\n<td valign=\"middle\"><i>668<\/i><\/td>\n<\/tr>\n<tr>\n<td valign=\"middle\"><i>300<\/i><\/td>\n<td valign=\"middle\"><i>1400<\/i><\/td>\n<td valign=\"middle\"><i>2657<\/i><\/td>\n<td valign=\"middle\"><i>779<\/i><\/td>\n<\/tr>\n<tr>\n<td valign=\"middle\"><i>400<\/i><\/td>\n<td valign=\"middle\"><i>400<\/i><\/td>\n<td valign=\"middle\"><i>999<\/i><\/td>\n<td valign=\"middle\"><i>293<\/i><\/td>\n<\/tr>\n<tr>\n<td valign=\"middle\"><i>400<\/i><\/td>\n<td valign=\"middle\"><i>600<\/i><\/td>\n<td valign=\"middle\"><i>1497<\/i><\/td>\n<td valign=\"middle\"><i>439<\/i><\/td>\n<\/tr>\n<tr>\n<td valign=\"middle\"><i>400<\/i><\/td>\n<td valign=\"middle\"><i>800<\/i><\/td>\n<td valign=\"middle\"><i>1998<\/i><\/td>\n<td valign=\"middle\"><i>586<\/i><\/td>\n<\/tr>\n<tr>\n<td valign=\"middle\"><i>400<\/i><\/td>\n<td valign=\"middle\"><i>1000<\/i><\/td>\n<td valign=\"middle\"><i>2499<\/i><\/td>\n<td valign=\"middle\"><i>733<\/i><\/td>\n<\/tr>\n<tr>\n<td valign=\"middle\"><i>400<\/i><\/td>\n<td valign=\"middle\"><i>1200<\/i><\/td>\n<td valign=\"middle\"><i>3004<\/i><\/td>\n<td valign=\"middle\"><i>881<\/i><\/td>\n<\/tr>\n<tr>\n<td valign=\"middle\"><i>400<\/i><\/td>\n<td valign=\"middle\"><i>1400<\/i><\/td>\n<td valign=\"middle\"><i>3502<\/i><\/td>\n<td valign=\"middle\"><i>1027<\/i><\/td>\n<\/tr>\n<tr>\n<td valign=\"middle\"><i>400<\/i><\/td>\n<td valign=\"middle\"><i>1600<\/i><\/td>\n<td valign=\"middle\"><i>4006<\/i><\/td>\n<td valign=\"middle\"><i>1175<\/i><\/td>\n<\/tr>\n<tr>\n<td valign=\"middle\"><i>500<\/i><\/td>\n<td valign=\"middle\"><i>400<\/i><\/td>\n<td valign=\"middle\"><i>1224<\/i><\/td>\n<td valign=\"middle\"><i>359<\/i><\/td>\n<\/tr>\n<tr>\n<td valign=\"middle\"><i>500<\/i><\/td>\n<td valign=\"middle\"><i>600<\/i><\/td>\n<td valign=\"middle\"><i>1844<\/i><\/td>\n<td valign=\"middle\"><i>541<\/i><\/td>\n<\/tr>\n<tr>\n<td valign=\"middle\"><i>500<\/i><\/td>\n<td valign=\"middle\"><i>800<\/i><\/td>\n<td valign=\"middle\"><i>2460<\/i><\/td>\n<td valign=\"middle\"><i>721<\/i><\/td>\n<\/tr>\n<tr>\n<td valign=\"middle\"><i>500<\/i><\/td>\n<td valign=\"middle\"><i>1000<\/i><\/td>\n<td valign=\"middle\"><i>3080<\/i><\/td>\n<td valign=\"middle\"><i>903<\/i><\/td>\n<\/tr>\n<tr>\n<td valign=\"middle\"><i>500<\/i><\/td>\n<td valign=\"middle\"><i>1200<\/i><\/td>\n<td valign=\"middle\"><i>3699<\/i><\/td>\n<td valign=\"middle\"><i>1085<\/i><\/td>\n<\/tr>\n<tr>\n<td valign=\"middle\"><i>500<\/i><\/td>\n<td valign=\"middle\"><i>1400<\/i><\/td>\n<td valign=\"middle\"><i>4314<\/i><\/td>\n<td valign=\"middle\"><i>1265<\/i><\/td>\n<\/tr>\n<tr>\n<td valign=\"middle\"><i>500<\/i><\/td>\n<td valign=\"middle\"><i>1600<\/i><\/td>\n<td valign=\"middle\"><i>4934<\/i><\/td>\n<td valign=\"middle\"><i>1447<\/i><\/td>\n<\/tr>\n<tr>\n<td valign=\"middle\"><i>600<\/i><\/td>\n<td valign=\"middle\"><i>400<\/i><\/td>\n<td valign=\"middle\"><i>1443<\/i><\/td>\n<td valign=\"middle\"><i>423<\/i><\/td>\n<\/tr>\n<tr>\n<td valign=\"middle\"><i>600<\/i><\/td>\n<td valign=\"middle\"><i>600<\/i><\/td>\n<td valign=\"middle\"><i>2173<\/i><\/td>\n<td valign=\"middle\"><i>637<\/i><\/td>\n<\/tr>\n<tr>\n<td valign=\"middle\"><i>600<\/i><\/td>\n<td valign=\"middle\"><i>800<\/i><\/td>\n<td valign=\"middle\"><i>2900<\/i><\/td>\n<td valign=\"middle\"><i>850<\/i><\/td>\n<\/tr>\n<tr>\n<td valign=\"middle\"><i>600<\/i><\/td>\n<td valign=\"middle\"><i>1000<\/i><\/td>\n<td valign=\"middle\"><i>3627<\/i><\/td>\n<td valign=\"middle\"><i>1064<\/i><\/td>\n<\/tr>\n<tr>\n<td valign=\"middle\"><i>600<\/i><\/td>\n<td valign=\"middle\"><i>1200<\/i><\/td>\n<td valign=\"middle\"><i>4354<\/i><\/td>\n<td valign=\"middle\"><i>1277<\/i><\/td>\n<\/tr>\n<tr>\n<td valign=\"middle\"><i>600<\/i><\/td>\n<td valign=\"middle\"><i>1400<\/i><\/td>\n<td valign=\"middle\"><i>5081<\/i><\/td>\n<td valign=\"middle\"><i>1490<\/i><\/td>\n<\/tr>\n<tr>\n<td valign=\"middle\"><i>600<\/i><\/td>\n<td valign=\"middle\"><i>1600<\/i><\/td>\n<td valign=\"middle\"><i>5811<\/i><\/td>\n<td valign=\"middle\"><i>1704<\/i><\/td>\n<\/tr>\n<tr>\n<td valign=\"middle\"><i>600<\/i><\/td>\n<td valign=\"middle\"><i>1800<\/i><\/td>\n<td valign=\"middle\"><i>6538<\/i><\/td>\n<td valign=\"middle\"><i>1917<\/i><\/td>\n<\/tr>\n<tr>\n<td valign=\"middle\"><i>600<\/i><\/td>\n<td valign=\"middle\"><i>2000<\/i><\/td>\n<td valign=\"middle\"><i>7265<\/i><\/td>\n<td valign=\"middle\"><i>2139<\/i><\/td>\n<\/tr>\n<\/tbody>\n<\/table>\n<\/div>\n<\/div>\n<\/div>\n<\/div>\n","protected":false},"excerpt":{"rendered":"<h5 id=\"ui-id-1\" class=\"clearfix edgtf-title-holder ui-accordion-header ui-state-default ui-accordion-header-active ui-state-active ui-corner-top\" tabindex=\"0\" role=\"tab\" aria-controls=\"ui-id-2\" aria-selected=\"true\" aria-expanded=\"true\"><span class=\"edgtf-tab-title\"><span class=\"edgtf-tab-title-inner\">ELITE PANEL T\u0130P 11 \u00dcR\u00dcN \u00d6ZELL\u0130KLER\u0130 <\/span> <\/span><\/h5>\n<div id=\"ui-id-2\" class=\"edgtf-accordion-content ui-accordion-content ui-helper-reset ui-widget-content ui-corner-bottom ui-accordion-content-active\" role=\"tabpanel\" aria-labelledby=\"ui-id-1\" aria-hidden=\"false\">\n<div class=\"edgtf-accordion-content-inner\">\n<div class=\"wpb_text_column wpb_content_element \">\n<div class=\"wpb_wrapper\">\n<table cellspacing=\"0\" cellpadding=\"0\">\n<tbody>\n<tr>\n<td valign=\"middle\"><b>Toplam Y\u00fckseklik<br \/>\n<\/b><b><i>Overall Height<br \/>\n<\/i><\/b><b><i>(mm)<\/i><\/b><\/td>\n<td valign=\"middle\"><b>Geni\u015flik<br \/>\n<\/b><b><i>Dimension Width<br \/>\n<\/i><\/b><b><i>(mm) <\/i><\/b><\/td>\n<td valign=\"middle\"><b>Is\u0131 Verimi<br \/>\n<\/b><b><i>DELTA: T60C<br \/>\n<\/i><\/b><b>BTU<\/b><\/td>\n<td valign=\"middle\"><b>Is\u0131 Verimi<br \/>\n<\/b><b><i>DELTA: T60C<br \/>\n<\/i><\/b><b>WATT<\/b><\/td>\n<\/tr>\n<tr>\n<td valign=\"middle\"><i>300<\/i><\/td>\n<td valign=\"middle\"><i>600<\/i><\/td>\n<td valign=\"middle\"><i>1139<\/i><\/td>\n<td valign=\"middle\"><i>334<\/i><\/td>\n<\/tr>\n<tr>\n<td valign=\"middle\"><i>300<\/i><\/td>\n<td valign=\"middle\"><i>1000<\/i><\/td>\n<td valign=\"middle\"><i>1899<\/i><\/td>\n<td valign=\"middle\"><i>556<\/i><\/td>\n<\/tr>\n<tr>\n<td valign=\"middle\"><i>300<\/i><\/td>\n<td valign=\"middle\"><i>1200<\/i><\/td>\n<td valign=\"middle\"><i>2277<\/i><\/td>\n<td valign=\"middle\"><i>668<\/i><\/td>\n<\/tr>\n<tr>\n<td valign=\"middle\"><i>300<\/i><\/td>\n<td valign=\"middle\"><i>1400<\/i><\/td>\n<td valign=\"middle\"><i>2657<\/i><\/td>\n<td valign=\"middle\"><i>779<\/i><\/td>\n<\/tr>\n<tr>\n<td valign=\"middle\"><i>400<\/i><\/td>\n<td valign=\"middle\"><i>400<\/i><\/td>\n<td valign=\"middle\"><i>999<\/i><\/td>\n<td valign=\"middle\"><i>293<\/i><\/td>\n<\/tr>\n<tr>\n<td valign=\"middle\"><i>400<\/i><\/td>\n<td valign=\"middle\"><i>600<\/i><\/td>\n<td valign=\"middle\"><i>1497<\/i><\/td>\n<td valign=\"middle\"><i>439<\/i><\/td>\n<\/tr>\n<tr>\n<td valign=\"middle\"><i>400<\/i><\/td>\n<td valign=\"middle\"><i>800<\/i><\/td>\n<td valign=\"middle\"><i>1998<\/i><\/td>\n<td valign=\"middle\"><i>586<\/i><\/td>\n<\/tr>\n<tr>\n<td valign=\"middle\"><i>400<\/i><\/td>\n<td valign=\"middle\"><i>1000<\/i><\/td>\n<td valign=\"middle\"><i>2499<\/i><\/td>\n<td valign=\"middle\"><i>733<\/i><\/td>\n<\/tr>\n<tr>\n<td valign=\"middle\"><i>400<\/i><\/td>\n<td valign=\"middle\"><i>1200<\/i><\/td>\n<td valign=\"middle\"><i>3004<\/i><\/td>\n<td valign=\"middle\"><i>881<\/i><\/td>\n<\/tr>\n<tr>\n<td valign=\"middle\"><i>400<\/i><\/td>\n<td valign=\"middle\"><i>1400<\/i><\/td>\n<td valign=\"middle\"><i>3502<\/i><\/td>\n<td valign=\"middle\"><i>1027<\/i><\/td>\n<\/tr>\n<tr>\n<td valign=\"middle\"><i>400<\/i><\/td>\n<td valign=\"middle\"><i>1600<\/i><\/td>\n<td valign=\"middle\"><i>4006<\/i><\/td>\n<td valign=\"middle\"><i>1175<\/i><\/td>\n<\/tr>\n<tr>\n<td valign=\"middle\"><i>500<\/i><\/td>\n<td valign=\"middle\"><i>400<\/i><\/td>\n<td valign=\"middle\"><i>1224<\/i><\/td>\n<td valign=\"middle\"><i>359<\/i><\/td>\n<\/tr>\n<tr>\n<td valign=\"middle\"><i>500<\/i><\/td>\n<td valign=\"middle\"><i>600<\/i><\/td>\n<td valign=\"middle\"><i>1844<\/i><\/td>\n<td valign=\"middle\"><i>541<\/i><\/td>\n<\/tr>\n<tr>\n<td valign=\"middle\"><i>500<\/i><\/td>\n<td valign=\"middle\"><i>800<\/i><\/td>\n<td valign=\"middle\"><i>2460<\/i><\/td>\n<td valign=\"middle\"><i>721<\/i><\/td>\n<\/tr>\n<tr>\n<td valign=\"middle\"><i>500<\/i><\/td>\n<td valign=\"middle\"><i>1000<\/i><\/td>\n<td valign=\"middle\"><i>3080<\/i><\/td>\n<td valign=\"middle\"><i>903<\/i><\/td>\n<\/tr>\n<tr>\n<td valign=\"middle\"><i>500<\/i><\/td>\n<td valign=\"middle\"><i>1200<\/i><\/td>\n<td valign=\"middle\"><i>3699<\/i><\/td>\n<td valign=\"middle\"><i>1085<\/i><\/td>\n<\/tr>\n<tr>\n<td valign=\"middle\"><i>500<\/i><\/td>\n<td valign=\"middle\"><i>1400<\/i><\/td>\n<td valign=\"middle\"><i>4314<\/i><\/td>\n<td valign=\"middle\"><i>1265<\/i><\/td>\n<\/tr>\n<tr>\n<td valign=\"middle\"><i>500<\/i><\/td>\n<td valign=\"middle\"><i>1600<\/i><\/td>\n<td valign=\"middle\"><i>4934<\/i><\/td>\n<td valign=\"middle\"><i>1447<\/i><\/td>\n<\/tr>\n<tr>\n<td valign=\"middle\"><i>600<\/i><\/td>\n<td valign=\"middle\"><i>400<\/i><\/td>\n<td valign=\"middle\"><i>1443<\/i><\/td>\n<td valign=\"middle\"><i>423<\/i><\/td>\n<\/tr>\n<tr>\n<td valign=\"middle\"><i>600<\/i><\/td>\n<td valign=\"middle\"><i>600<\/i><\/td>\n<td valign=\"middle\"><i>2173<\/i><\/td>\n<td valign=\"middle\"><i>637<\/i><\/td>\n<\/tr>\n<tr>\n<td valign=\"middle\"><i>600<\/i><\/td>\n<td valign=\"middle\"><i>800<\/i><\/td>\n<td valign=\"middle\"><i>2900<\/i><\/td>\n<td valign=\"middle\"><i>850<\/i><\/td>\n<\/tr>\n<tr>\n<td valign=\"middle\"><i>600<\/i><\/td>\n<td valign=\"middle\"><i>1000<\/i><\/td>\n<td valign=\"middle\"><i>3627<\/i><\/td>\n<td valign=\"middle\"><i>1064<\/i><\/td>\n<\/tr>\n<tr>\n<td valign=\"middle\"><i>600<\/i><\/td>\n<td valign=\"middle\"><i>1200<\/i><\/td>\n<td valign=\"middle\"><i>4354<\/i><\/td>\n<td valign=\"middle\"><i>1277<\/i><\/td>\n<\/tr>\n<tr>\n<td valign=\"middle\"><i>600<\/i><\/td>\n<td valign=\"middle\"><i>1400<\/i><\/td>\n<td valign=\"middle\"><i>5081<\/i><\/td>\n<td valign=\"middle\"><i>1490<\/i><\/td>\n<\/tr>\n<tr>\n<td valign=\"middle\"><i>600<\/i><\/td>\n<td valign=\"middle\"><i>1600<\/i><\/td>\n<td valign=\"middle\"><i>5811<\/i><\/td>\n<td valign=\"middle\"><i>1704<\/i><\/td>\n<\/tr>\n<tr>\n<td valign=\"middle\"><i>600<\/i><\/td>\n<td valign=\"middle\"><i>1800<\/i><\/td>\n<td valign=\"middle\"><i>6538<\/i><\/td>\n<td valign=\"middle\"><i>1917<\/i><\/td>\n<\/tr>\n<tr>\n<td valign=\"middle\"><i>600<\/i><\/td>\n<td valign=\"middle\"><i>2000<\/i><\/td>\n<td valign=\"middle\"><i>7265<\/i><\/td>\n<td valign=\"middle\"><i>2139<\/i><\/td>\n<\/tr>\n<\/tbody>\n<\/table>\n<\/div>\n<\/div>\n<\/div>\n<\/div>\n","protected":false},"featured_media":823,"comment_status":"closed","ping_status":"closed","template":"","meta":[],"product_brand":[],"product_cat":[162],"product_tag":[],"class_list":{"0":"post-821","1":"product","2":"type-product","3":"status-publish","4":"has-post-thumbnail","6":"product_cat-panel-radyator","8":"first","9":"instock","10":"taxable","11":"shipping-taxable","12":"product-type-simple"},"_links":{"self":[{"href":"http:\/\/gonenyapi.com.tr\/index.php\/wp-json\/wp\/v2\/product\/821","targetHints":{"allow":["GET"]}}],"collection":[{"href":"http:\/\/gonenyapi.com.tr\/index.php\/wp-json\/wp\/v2\/product"}],"about":[{"href":"http:\/\/gonenyapi.com.tr\/index.php\/wp-json\/wp\/v2\/types\/product"}],"replies":[{"embeddable":true,"href":"http:\/\/gonenyapi.com.tr\/index.php\/wp-json\/wp\/v2\/comments?post=821"}],"wp:featuredmedia":[{"embeddable":true,"href":"http:\/\/gonenyapi.com.tr\/index.php\/wp-json\/wp\/v2\/media\/823"}],"wp:attachment":[{"href":"http:\/\/gonenyapi.com.tr\/index.php\/wp-json\/wp\/v2\/media?parent=821"}],"wp:term":[{"taxonomy":"product_brand","embeddable":true,"href":"http:\/\/gonenyapi.com.tr\/index.php\/wp-json\/wp\/v2\/product_brand?post=821"},{"taxonomy":"product_cat","embeddable":true,"href":"http:\/\/gonenyapi.com.tr\/index.php\/wp-json\/wp\/v2\/product_cat?post=821"},{"taxonomy":"product_tag","embeddable":true,"href":"http:\/\/gonenyapi.com.tr\/index.php\/wp-json\/wp\/v2\/product_tag?post=821"}],"curies":[{"name":"wp","href":"https:\/\/api.w.org\/{rel}","templated":true}]}}