{"id":701,"date":"2020-09-29T23:06:40","date_gmt":"2020-09-29T20:06:40","guid":{"rendered":"http:\/\/gonenyapi.com.tr\/?post_type=product&#038;p=701"},"modified":"2020-09-29T23:06:40","modified_gmt":"2020-09-29T20:06:40","slug":"permolit-hizli-yapistirici","status":"publish","type":"product","link":"http:\/\/gonenyapi.com.tr\/index.php\/urun\/permolit-hizli-yapistirici\/","title":{"rendered":"Permolit H\u0131zl\u0131 Yap\u0131\u015ft\u0131r\u0131c\u0131"},"content":{"rendered":"<ul>\n<li class=\"bullet-checkmark\">Akma ve s\u0131\u00e7rama yapmaz<\/li>\n<li class=\"bullet-checkmark\">Y\u00fcksek yap\u0131\u015ft\u0131rma g\u00fcc\u00fc<\/li>\n<\/ul>\n","protected":false},"excerpt":{"rendered":"<p>Permolit H\u0131zl\u0131 Yap\u0131\u015ft\u0131r\u0131c\u0131<\/p>\n","protected":false},"featured_media":704,"comment_status":"closed","ping_status":"closed","template":"","meta":[],"product_brand":[],"product_cat":[152],"product_tag":[],"class_list":{"0":"post-701","1":"product","2":"type-product","3":"status-publish","4":"has-post-thumbnail","6":"product_cat-yardimci-urunler","8":"first","9":"instock","10":"taxable","11":"shipping-taxable","12":"product-type-simple"},"_links":{"self":[{"href":"http:\/\/gonenyapi.com.tr\/index.php\/wp-json\/wp\/v2\/product\/701","targetHints":{"allow":["GET"]}}],"collection":[{"href":"http:\/\/gonenyapi.com.tr\/index.php\/wp-json\/wp\/v2\/product"}],"about":[{"href":"http:\/\/gonenyapi.com.tr\/index.php\/wp-json\/wp\/v2\/types\/product"}],"replies":[{"embeddable":true,"href":"http:\/\/gonenyapi.com.tr\/index.php\/wp-json\/wp\/v2\/comments?post=701"}],"wp:featuredmedia":[{"embeddable":true,"href":"http:\/\/gonenyapi.com.tr\/index.php\/wp-json\/wp\/v2\/media\/704"}],"wp:attachment":[{"href":"http:\/\/gonenyapi.com.tr\/index.php\/wp-json\/wp\/v2\/media?parent=701"}],"wp:term":[{"taxonomy":"product_brand","embeddable":true,"href":"http:\/\/gonenyapi.com.tr\/index.php\/wp-json\/wp\/v2\/product_brand?post=701"},{"taxonomy":"product_cat","embeddable":true,"href":"http:\/\/gonenyapi.com.tr\/index.php\/wp-json\/wp\/v2\/product_cat?post=701"},{"taxonomy":"product_tag","embeddable":true,"href":"http:\/\/gonenyapi.com.tr\/index.php\/wp-json\/wp\/v2\/product_tag?post=701"}],"curies":[{"name":"wp","href":"https:\/\/api.w.org\/{rel}","templated":true}]}}