{"id":689,"date":"2020-09-29T22:58:27","date_gmt":"2020-09-29T19:58:27","guid":{"rendered":"http:\/\/gonenyapi.com.tr\/?post_type=product&#038;p=689"},"modified":"2020-09-29T22:58:28","modified_gmt":"2020-09-29T19:58:28","slug":"isi-yalitim-dekoratif-kaplama-sivasi","status":"publish","type":"product","link":"http:\/\/gonenyapi.com.tr\/index.php\/urun\/isi-yalitim-dekoratif-kaplama-sivasi\/","title":{"rendered":"Is\u0131 Yal\u0131t\u0131m Dekoratif Kaplama S\u0131vas\u0131"},"content":{"rendered":"<div class=\"product-short-description\">\n<ul>\n<li class=\"bullet-checkmark\">Mala ile uygulan\u0131r<\/li>\n<li class=\"bullet-checkmark\">Mineral dokulu<\/li>\n<li class=\"bullet-checkmark\">S\u00fcper beyaz renkli<\/li>\n<li class=\"bullet-checkmark\">son kat dekoratif cephe kaplama<\/li>\n<\/ul>\n<\/div>\n<div class=\"product_meta\"><span class=\"sku_wrapper\">Stok kodu: <span class=\"sku\">75.875<\/span><\/span><\/div>\n","protected":false},"excerpt":{"rendered":"<p>Is\u0131 Yal\u0131t\u0131m Dekoratif Kaplama S\u0131vas\u0131<\/p>\n","protected":false},"featured_media":691,"comment_status":"closed","ping_status":"closed","template":"","meta":[],"product_brand":[],"product_cat":[150],"product_tag":[],"class_list":{"0":"post-689","1":"product","2":"type-product","3":"status-publish","4":"has-post-thumbnail","6":"product_cat-isi-yalitimi","8":"first","9":"instock","10":"taxable","11":"shipping-taxable","12":"product-type-simple"},"_links":{"self":[{"href":"http:\/\/gonenyapi.com.tr\/index.php\/wp-json\/wp\/v2\/product\/689","targetHints":{"allow":["GET"]}}],"collection":[{"href":"http:\/\/gonenyapi.com.tr\/index.php\/wp-json\/wp\/v2\/product"}],"about":[{"href":"http:\/\/gonenyapi.com.tr\/index.php\/wp-json\/wp\/v2\/types\/product"}],"replies":[{"embeddable":true,"href":"http:\/\/gonenyapi.com.tr\/index.php\/wp-json\/wp\/v2\/comments?post=689"}],"wp:featuredmedia":[{"embeddable":true,"href":"http:\/\/gonenyapi.com.tr\/index.php\/wp-json\/wp\/v2\/media\/691"}],"wp:attachment":[{"href":"http:\/\/gonenyapi.com.tr\/index.php\/wp-json\/wp\/v2\/media?parent=689"}],"wp:term":[{"taxonomy":"product_brand","embeddable":true,"href":"http:\/\/gonenyapi.com.tr\/index.php\/wp-json\/wp\/v2\/product_brand?post=689"},{"taxonomy":"product_cat","embeddable":true,"href":"http:\/\/gonenyapi.com.tr\/index.php\/wp-json\/wp\/v2\/product_cat?post=689"},{"taxonomy":"product_tag","embeddable":true,"href":"http:\/\/gonenyapi.com.tr\/index.php\/wp-json\/wp\/v2\/product_tag?post=689"}],"curies":[{"name":"wp","href":"https:\/\/api.w.org\/{rel}","templated":true}]}}