{"id":669,"date":"2020-09-29T22:45:44","date_gmt":"2020-09-29T19:45:44","guid":{"rendered":"http:\/\/gonenyapi.com.tr\/?post_type=product&#038;p=669"},"modified":"2020-09-29T22:45:44","modified_gmt":"2020-09-29T19:45:44","slug":"permolit-permocover-leke-ortucu-boya","status":"publish","type":"product","link":"http:\/\/gonenyapi.com.tr\/index.php\/urun\/permolit-permocover-leke-ortucu-boya\/","title":{"rendered":"Permolit PermoCover Leke \u00d6rt\u00fcc\u00fc Boya"},"content":{"rendered":"<div class=\"product-short-description\">\n<ul>\n<li class=\"bullet-checkmark\">T\u00fcm i\u00e7 cephe elemanlar\u0131nda kullan\u0131l\u0131r<\/li>\n<li class=\"bullet-checkmark\">Normal boyalar ile kapat\u0131lmayan lekeleri kapat\u0131r<\/li>\n<\/ul>\n<p>&nbsp;<\/p>\n<\/div>\n<div class=\"product_meta\"><span class=\"sku_wrapper\">Stok kodu: <span class=\"sku\">04.007<\/span><\/span><\/div>\n","protected":false},"excerpt":{"rendered":"<p>Permolit PermoCover Leke \u00d6rt\u00fcc\u00fc Boya<\/p>\n","protected":false},"featured_media":671,"comment_status":"closed","ping_status":"closed","template":"","meta":[],"product_brand":[],"product_cat":[148],"product_tag":[],"class_list":{"0":"post-669","1":"product","2":"type-product","3":"status-publish","4":"has-post-thumbnail","6":"product_cat-ozel-boyalar","8":"first","9":"instock","10":"taxable","11":"shipping-taxable","12":"product-type-simple"},"_links":{"self":[{"href":"http:\/\/gonenyapi.com.tr\/index.php\/wp-json\/wp\/v2\/product\/669","targetHints":{"allow":["GET"]}}],"collection":[{"href":"http:\/\/gonenyapi.com.tr\/index.php\/wp-json\/wp\/v2\/product"}],"about":[{"href":"http:\/\/gonenyapi.com.tr\/index.php\/wp-json\/wp\/v2\/types\/product"}],"replies":[{"embeddable":true,"href":"http:\/\/gonenyapi.com.tr\/index.php\/wp-json\/wp\/v2\/comments?post=669"}],"wp:featuredmedia":[{"embeddable":true,"href":"http:\/\/gonenyapi.com.tr\/index.php\/wp-json\/wp\/v2\/media\/671"}],"wp:attachment":[{"href":"http:\/\/gonenyapi.com.tr\/index.php\/wp-json\/wp\/v2\/media?parent=669"}],"wp:term":[{"taxonomy":"product_brand","embeddable":true,"href":"http:\/\/gonenyapi.com.tr\/index.php\/wp-json\/wp\/v2\/product_brand?post=669"},{"taxonomy":"product_cat","embeddable":true,"href":"http:\/\/gonenyapi.com.tr\/index.php\/wp-json\/wp\/v2\/product_cat?post=669"},{"taxonomy":"product_tag","embeddable":true,"href":"http:\/\/gonenyapi.com.tr\/index.php\/wp-json\/wp\/v2\/product_tag?post=669"}],"curies":[{"name":"wp","href":"https:\/\/api.w.org\/{rel}","templated":true}]}}