{"id":601,"date":"2020-09-29T21:52:24","date_gmt":"2020-09-29T18:52:24","guid":{"rendered":"http:\/\/gonenyapi.com.tr\/?post_type=product&#038;p=601"},"modified":"2020-09-29T21:52:24","modified_gmt":"2020-09-29T18:52:24","slug":"permomax-ic-cephe-astari","status":"publish","type":"product","link":"http:\/\/gonenyapi.com.tr\/index.php\/urun\/permomax-ic-cephe-astari\/","title":{"rendered":"Permomax \u0130\u00e7 Cephe Astar\u0131"},"content":{"rendered":"<div class=\"product-short-description\">\n<ul>\n<li class=\"bullet-checkmark\">Silikon esasl\u0131<\/li>\n<li class=\"bullet-checkmark\">Saf akrilik<\/li>\n<li class=\"bullet-checkmark\">Dolgulu pigmentli<\/li>\n<li class=\"bullet-checkmark\">Boya sarfiyat\u0131n\u0131 azalt\u0131r<\/li>\n<li class=\"bullet-checkmark\">Kusursuz g\u00f6r\u00fcn\u00fcm sa\u011flar<\/li>\n<li class=\"bullet-checkmark\">D\u00fc\u015f\u00fck VOC<\/li>\n<li class=\"bullet-checkmark\">Son kat dayan\u0131m\u0131n\u0131 artt\u0131r\u0131r<\/li>\n<\/ul>\n<\/div>\n<div class=\"product_meta\"><span class=\"sku_wrapper\">Stok kodu: <span class=\"sku\">03.096<\/span><\/span><\/div>\n","protected":false},"excerpt":{"rendered":"<h2>Permomax \u0130\u00e7 Cephe Astar\u0131<\/h2>\n","protected":false},"featured_media":603,"comment_status":"closed","ping_status":"closed","template":"","meta":[],"product_brand":[],"product_cat":[141],"product_tag":[],"class_list":{"0":"post-601","1":"product","2":"type-product","3":"status-publish","4":"has-post-thumbnail","6":"product_cat-permomax","8":"first","9":"instock","10":"taxable","11":"shipping-taxable","12":"product-type-simple"},"_links":{"self":[{"href":"http:\/\/gonenyapi.com.tr\/index.php\/wp-json\/wp\/v2\/product\/601","targetHints":{"allow":["GET"]}}],"collection":[{"href":"http:\/\/gonenyapi.com.tr\/index.php\/wp-json\/wp\/v2\/product"}],"about":[{"href":"http:\/\/gonenyapi.com.tr\/index.php\/wp-json\/wp\/v2\/types\/product"}],"replies":[{"embeddable":true,"href":"http:\/\/gonenyapi.com.tr\/index.php\/wp-json\/wp\/v2\/comments?post=601"}],"wp:featuredmedia":[{"embeddable":true,"href":"http:\/\/gonenyapi.com.tr\/index.php\/wp-json\/wp\/v2\/media\/603"}],"wp:attachment":[{"href":"http:\/\/gonenyapi.com.tr\/index.php\/wp-json\/wp\/v2\/media?parent=601"}],"wp:term":[{"taxonomy":"product_brand","embeddable":true,"href":"http:\/\/gonenyapi.com.tr\/index.php\/wp-json\/wp\/v2\/product_brand?post=601"},{"taxonomy":"product_cat","embeddable":true,"href":"http:\/\/gonenyapi.com.tr\/index.php\/wp-json\/wp\/v2\/product_cat?post=601"},{"taxonomy":"product_tag","embeddable":true,"href":"http:\/\/gonenyapi.com.tr\/index.php\/wp-json\/wp\/v2\/product_tag?post=601"}],"curies":[{"name":"wp","href":"https:\/\/api.w.org\/{rel}","templated":true}]}}