{"id":579,"date":"2020-09-29T21:41:36","date_gmt":"2020-09-29T18:41:36","guid":{"rendered":"http:\/\/gonenyapi.com.tr\/?post_type=product&#038;p=579"},"modified":"2020-09-29T21:41:37","modified_gmt":"2020-09-29T18:41:37","slug":"permomax-antibakteriyel-ipek-mat-ic-cephe-boyasi","status":"publish","type":"product","link":"http:\/\/gonenyapi.com.tr\/index.php\/urun\/permomax-antibakteriyel-ipek-mat-ic-cephe-boyasi\/","title":{"rendered":"Permomax Antibakteriyel \u0130pek Mat \u0130\u00e7 Cephe Boyas\u0131"},"content":{"rendered":"<p>Su bazl\u0131, saf akrilik em\u00fclsiyon esasl\u0131, yar\u0131 mat parlakl\u0131\u011f\u0131nda, tam silinebilir, son kat, dekoratif ipek mat i\u00e7 cephe boyas\u0131<\/p>\n<ul>\n<li class=\"bullet-checkmark\">Core-Shell teknoloji<\/li>\n<li class=\"bullet-checkmark\">Antibakteriyel<\/li>\n<li class=\"bullet-checkmark\">Y\u00fcksek \u00f6rt\u00fcc\u00fcl\u00fck<\/li>\n<li class=\"bullet-checkmark\">Tam silinebilir<\/li>\n<li class=\"bullet-checkmark\">Leke tutmaz<\/li>\n<li class=\"bullet-checkmark\">K\u00fcf olu\u015fumunu engeller<\/li>\n<li class=\"bullet-checkmark\">D\u00fc\u015f\u00fck VOC<\/li>\n<\/ul>\n<p>Sa\u011fl\u0131k Bakanl\u0131\u011f\u0131 taraf\u0131ndan ruhsatland\u0131r\u0131lm\u0131\u015ft\u0131r.<\/p>\n<p><span class=\"sku_wrapper\">Stok kodu: <span class=\"sku\">03.099<\/span><\/span><\/p>\n","protected":false},"excerpt":{"rendered":"<p>Su bazl\u0131, saf akrilik em\u00fclsiyon esasl\u0131, yar\u0131 mat parlakl\u0131\u011f\u0131nda, tam silinebilir, son kat, dekoratif ipek mat i\u00e7 cephe boyas\u0131<\/p>\n","protected":false},"featured_media":593,"comment_status":"closed","ping_status":"closed","template":"","meta":[],"product_brand":[],"product_cat":[139,140,141],"product_tag":[],"class_list":{"0":"post-579","1":"product","2":"type-product","3":"status-publish","4":"has-post-thumbnail","6":"product_cat-akcali-boya","7":"product_cat-permolit-boya","8":"product_cat-permomax","10":"first","11":"instock","12":"taxable","13":"shipping-taxable","14":"product-type-simple"},"_links":{"self":[{"href":"http:\/\/gonenyapi.com.tr\/index.php\/wp-json\/wp\/v2\/product\/579","targetHints":{"allow":["GET"]}}],"collection":[{"href":"http:\/\/gonenyapi.com.tr\/index.php\/wp-json\/wp\/v2\/product"}],"about":[{"href":"http:\/\/gonenyapi.com.tr\/index.php\/wp-json\/wp\/v2\/types\/product"}],"replies":[{"embeddable":true,"href":"http:\/\/gonenyapi.com.tr\/index.php\/wp-json\/wp\/v2\/comments?post=579"}],"wp:featuredmedia":[{"embeddable":true,"href":"http:\/\/gonenyapi.com.tr\/index.php\/wp-json\/wp\/v2\/media\/593"}],"wp:attachment":[{"href":"http:\/\/gonenyapi.com.tr\/index.php\/wp-json\/wp\/v2\/media?parent=579"}],"wp:term":[{"taxonomy":"product_brand","embeddable":true,"href":"http:\/\/gonenyapi.com.tr\/index.php\/wp-json\/wp\/v2\/product_brand?post=579"},{"taxonomy":"product_cat","embeddable":true,"href":"http:\/\/gonenyapi.com.tr\/index.php\/wp-json\/wp\/v2\/product_cat?post=579"},{"taxonomy":"product_tag","embeddable":true,"href":"http:\/\/gonenyapi.com.tr\/index.php\/wp-json\/wp\/v2\/product_tag?post=579"}],"curies":[{"name":"wp","href":"https:\/\/api.w.org\/{rel}","templated":true}]}}