{"id":561,"date":"2020-09-29T20:57:44","date_gmt":"2020-09-29T17:57:44","guid":{"rendered":"http:\/\/gonenyapi.com.tr\/?post_type=product&#038;p=561"},"modified":"2020-09-29T20:57:44","modified_gmt":"2020-09-29T17:57:44","slug":"akrilan-200","status":"publish","type":"product","link":"http:\/\/gonenyapi.com.tr\/index.php\/urun\/akrilan-200\/","title":{"rendered":"AKR\u0130LAN 200"},"content":{"rendered":"<p><strong>Tan\u0131m\u0131 ve Kullan\u0131m Alanlar\u0131:<\/strong> Pasta tipi y\u00fcksek performansl\u0131 seramik yap\u0131\u015ft\u0131r\u0131c\u0131s\u0131d\u0131r. Seramik, fayans ve cam mozaiklerin yap\u0131\u015ft\u0131r\u0131lmas\u0131nda, boyal\u0131 y\u00fczeyler, al\u00e7\u0131 panel, al\u00e7\u0131-s\u0131va, \u00e7imentolu yonga levha, ah\u015fap gibi y\u00fczeyler \u00fczerine seramik yap\u0131\u015ft\u0131r\u0131lmas\u0131nda, eski kaplamalar \u00fczerine seramik kaplanmas\u0131nda kullan\u0131l\u0131r. \u0130\u00e7 mekanlarda, yatay ve d\u00fc\u015fey y\u00fczeylerde kullan\u0131ma uygundur.<\/p>\n<p><strong>\u00d6zellikleri<\/strong>: Akrilik dispersiyon esasl\u0131d\u0131r. Kullan\u0131ma haz\u0131r haldedir. Polimer katk\u0131l\u0131d\u0131r. Kayma yapmaz. Kolay ve h\u0131zl\u0131 uygulan\u0131r, i\u015f\u00e7ilikten tasarruf sa\u011flar.<\/p>\n<p>Y\u00fcksek yap\u0131\u015fma \u00f6zelli\u011fine sahiptir. S\u00fcper elastiktir. \u00c7al\u0131\u015fma s\u00fcresi uzundur.<\/p>\n<p><strong>\u00dcr\u00fcn Kodu: <\/strong>5kg:12005 15kg:12015<\/p>\n<p><strong>Bay\u0131nd\u0131rl\u0131k Poz No: <\/strong>04.380\/012<\/p>\n","protected":false},"excerpt":{"rendered":"<h1>Pasta Tipi Kullan\u0131ma Haz\u0131r Seramik Yap\u0131\u015ft\u0131r\u0131c\u0131s\u0131<\/h1>\n","protected":false},"featured_media":562,"comment_status":"closed","ping_status":"closed","template":"","meta":[],"product_brand":[],"product_cat":[128],"product_tag":[],"class_list":{"0":"post-561","1":"product","2":"type-product","3":"status-publish","4":"has-post-thumbnail","6":"product_cat-akrilik-esasli-yapistiricilar-seramik-yapistiricilari","8":"first","9":"instock","10":"taxable","11":"shipping-taxable","12":"product-type-simple"},"_links":{"self":[{"href":"http:\/\/gonenyapi.com.tr\/index.php\/wp-json\/wp\/v2\/product\/561","targetHints":{"allow":["GET"]}}],"collection":[{"href":"http:\/\/gonenyapi.com.tr\/index.php\/wp-json\/wp\/v2\/product"}],"about":[{"href":"http:\/\/gonenyapi.com.tr\/index.php\/wp-json\/wp\/v2\/types\/product"}],"replies":[{"embeddable":true,"href":"http:\/\/gonenyapi.com.tr\/index.php\/wp-json\/wp\/v2\/comments?post=561"}],"wp:featuredmedia":[{"embeddable":true,"href":"http:\/\/gonenyapi.com.tr\/index.php\/wp-json\/wp\/v2\/media\/562"}],"wp:attachment":[{"href":"http:\/\/gonenyapi.com.tr\/index.php\/wp-json\/wp\/v2\/media?parent=561"}],"wp:term":[{"taxonomy":"product_brand","embeddable":true,"href":"http:\/\/gonenyapi.com.tr\/index.php\/wp-json\/wp\/v2\/product_brand?post=561"},{"taxonomy":"product_cat","embeddable":true,"href":"http:\/\/gonenyapi.com.tr\/index.php\/wp-json\/wp\/v2\/product_cat?post=561"},{"taxonomy":"product_tag","embeddable":true,"href":"http:\/\/gonenyapi.com.tr\/index.php\/wp-json\/wp\/v2\/product_tag?post=561"}],"curies":[{"name":"wp","href":"https:\/\/api.w.org\/{rel}","templated":true}]}}