{"id":557,"date":"2020-09-29T20:56:28","date_gmt":"2020-09-29T17:56:28","guid":{"rendered":"http:\/\/gonenyapi.com.tr\/?post_type=product&#038;p=557"},"modified":"2020-09-29T20:56:28","modified_gmt":"2020-09-29T17:56:28","slug":"fixa-ekstra-fayans-ve-seramik-yapistirma-harci","status":"publish","type":"product","link":"http:\/\/gonenyapi.com.tr\/index.php\/urun\/fixa-ekstra-fayans-ve-seramik-yapistirma-harci\/","title":{"rendered":"F\u0130XA Ekstra Fayans ve Seramik Yap\u0131\u015ft\u0131rma Harc\u0131"},"content":{"rendered":"<p><strong>Tan\u0131m\u0131 ve Kullan\u0131m Alanlar\u0131:<\/strong> Fayans ve seramik yap\u0131\u015ft\u0131rmak i\u00e7in kullan\u0131lan ekstra \u00f6zellikte toz bir har\u00e7t\u0131r. Su emme oran\u0131 %3\u2019\u00fcn \u00fczerindeki k\u00fc\u00e7\u00fck ve orta ebatl\u0131 yer ve duvar serami\u011fi ve benzeri malzemelerin yap\u0131\u015ft\u0131r\u0131lmas\u0131nda kullan\u0131l\u0131r. \u0130\u00e7 ve d\u0131\u015f mekanlarda, yatay ve d\u00fc\u015fey y\u00fczeylerde kullan\u0131ma uygundur.<\/p>\n<p><strong>\u00d6zellikleri<\/strong>: \u00c7imento esasl\u0131, tek bile\u015fenlidir. Polimer katk\u0131l\u0131d\u0131r. Kayma \u00f6zelli\u011fi azalt\u0131lm\u0131\u015ft\u0131r. Y\u00fcksek stabilite sa\u011flar, d\u00fc\u015fey uygulamalarda sarkma yapmaz. Yukar\u0131dan a\u015fa\u011f\u0131 d\u00f6\u015feme imkan\u0131 sa\u011flar.<\/p>\n<p>\u0130\u015fleme s\u00fcresi uzundur, yap\u0131\u015ft\u0131r\u0131lan plakalar uzun m\u00fcddet d\u00fczeltilebilir. Kolay uygulan\u0131r, zamandan ve i\u015f\u00e7ilikten tasarruf sa\u011flar. Suya ve dona dayan\u0131kl\u0131d\u0131r.<\/p>\n<p><strong>\u00dcr\u00fcn Kodu: <\/strong>10kg:10210 25kg:10225<\/p>\n<p><strong>Bay\u0131nd\u0131rl\u0131k Poz No: <\/strong>04.013\/1<\/p>\n","protected":false},"excerpt":{"rendered":"<div class=\"row\">\n<div class=\"col-xs-12 text-center wow fadeIn animated\">\n<h1>F\u0130XA Ekstra Fayans ve Seramik Yap\u0131\u015ft\u0131rma Harc\u0131<\/h1>\n<\/div>\n<\/div>\n","protected":false},"featured_media":560,"comment_status":"closed","ping_status":"closed","template":"","meta":[],"product_brand":[],"product_cat":[127,126],"product_tag":[],"class_list":{"0":"post-557","1":"product","2":"type-product","3":"status-publish","4":"has-post-thumbnail","6":"product_cat-cimento-esasli-yapistiricilar-seramik-yapistiricilari","7":"product_cat-seramik-yapistiricilari","9":"first","10":"instock","11":"taxable","12":"shipping-taxable","13":"product-type-simple"},"_links":{"self":[{"href":"http:\/\/gonenyapi.com.tr\/index.php\/wp-json\/wp\/v2\/product\/557","targetHints":{"allow":["GET"]}}],"collection":[{"href":"http:\/\/gonenyapi.com.tr\/index.php\/wp-json\/wp\/v2\/product"}],"about":[{"href":"http:\/\/gonenyapi.com.tr\/index.php\/wp-json\/wp\/v2\/types\/product"}],"replies":[{"embeddable":true,"href":"http:\/\/gonenyapi.com.tr\/index.php\/wp-json\/wp\/v2\/comments?post=557"}],"wp:featuredmedia":[{"embeddable":true,"href":"http:\/\/gonenyapi.com.tr\/index.php\/wp-json\/wp\/v2\/media\/560"}],"wp:attachment":[{"href":"http:\/\/gonenyapi.com.tr\/index.php\/wp-json\/wp\/v2\/media?parent=557"}],"wp:term":[{"taxonomy":"product_brand","embeddable":true,"href":"http:\/\/gonenyapi.com.tr\/index.php\/wp-json\/wp\/v2\/product_brand?post=557"},{"taxonomy":"product_cat","embeddable":true,"href":"http:\/\/gonenyapi.com.tr\/index.php\/wp-json\/wp\/v2\/product_cat?post=557"},{"taxonomy":"product_tag","embeddable":true,"href":"http:\/\/gonenyapi.com.tr\/index.php\/wp-json\/wp\/v2\/product_tag?post=557"}],"curies":[{"name":"wp","href":"https:\/\/api.w.org\/{rel}","templated":true}]}}