{"id":552,"date":"2020-09-29T20:51:48","date_gmt":"2020-09-29T17:51:48","guid":{"rendered":"http:\/\/gonenyapi.com.tr\/?post_type=product&#038;p=552"},"modified":"2020-09-29T20:51:49","modified_gmt":"2020-09-29T17:51:49","slug":"betoprimer","status":"publish","type":"product","link":"http:\/\/gonenyapi.com.tr\/index.php\/urun\/betoprimer\/","title":{"rendered":"BETOPR\u0130MER"},"content":{"rendered":"<p><strong>Tan\u0131m\u0131 ve Kullan\u0131m Alanlar\u0131:<\/strong> Br\u00fct beton y\u00fczeylerde \u00e7imento veya al\u00e7\u0131 esasl\u0131 s\u0131va har\u00e7lar\u0131n\u0131n \u00f6ncesinde kullan\u0131lan kuartz taneli bir s\u0131va astar\u0131d\u0131r. Emici y\u00fczeylere yap\u0131lacak olan \u00e7imento ve al\u00e7\u0131 esasl\u0131 kaplamalardan \u00f6nce uygulanarak harc\u0131n h\u0131zl\u0131 su kayb\u0131n\u0131 engeller. Y\u00fczeyin aderans\u0131n\u0131, \u00e7al\u0131\u015fma s\u00fcresini ve i\u015flenilirli\u011fi artt\u0131r\u0131r. Al\u00e7\u0131-s\u0131va, al\u00e7\u0131-kartonplak, gazbeton, sunta, briket gibi su emici y\u00fczeylerin nemden korunmas\u0131na yard\u0131mc\u0131 olur. Tavan s\u0131valar\u0131 ve eski y\u00fczeyler \u00fczerine yap\u0131lacak uygulamalardan \u00f6nce aderans artt\u0131rmak i\u00e7in kullan\u0131l\u0131r. \u0130\u00e7 ve d\u0131\u015f mekanlarda, yatay ve d\u00fc\u015fey uygulamalarda kullan\u0131ma uygundur.<\/p>\n<p><strong>\u00d6zellikleri<\/strong>: Akrilik polimer esasl\u0131, tek bile\u015fenlidir. Su bazl\u0131d\u0131r, kokusuzdur, i\u00e7 mekanlarda g\u00fcvenle kullan\u0131l\u0131r. Neme kar\u015f\u0131 dayan\u0131m sa\u011flar.<\/p>\n<p>Renklidir, uygulama kolayl\u0131\u011f\u0131 sa\u011flar.<\/p>\n<p><strong>\u00dcr\u00fcn Kodu: <\/strong>31112.60<\/p>\n<p><strong>Bay\u0131nd\u0131rl\u0131k Poz No: <\/strong>04.524\/15<\/p>\n","protected":false},"excerpt":{"rendered":"<h1>Br\u00fct Beton S\u0131va Astar\u0131<\/h1>\n","protected":false},"featured_media":553,"comment_status":"closed","ping_status":"closed","template":"","meta":[],"product_brand":[],"product_cat":[123,122],"product_tag":[],"class_list":{"0":"post-552","1":"product","2":"type-product","3":"status-publish","4":"has-post-thumbnail","6":"product_cat-astarlar-cimento-esasli-sivalar-ve-orgu-harclari","7":"product_cat-cimento-esasli-sivalar-ve-orgu-harclari","9":"first","10":"instock","11":"taxable","12":"shipping-taxable","13":"product-type-simple"},"_links":{"self":[{"href":"http:\/\/gonenyapi.com.tr\/index.php\/wp-json\/wp\/v2\/product\/552","targetHints":{"allow":["GET"]}}],"collection":[{"href":"http:\/\/gonenyapi.com.tr\/index.php\/wp-json\/wp\/v2\/product"}],"about":[{"href":"http:\/\/gonenyapi.com.tr\/index.php\/wp-json\/wp\/v2\/types\/product"}],"replies":[{"embeddable":true,"href":"http:\/\/gonenyapi.com.tr\/index.php\/wp-json\/wp\/v2\/comments?post=552"}],"wp:featuredmedia":[{"embeddable":true,"href":"http:\/\/gonenyapi.com.tr\/index.php\/wp-json\/wp\/v2\/media\/553"}],"wp:attachment":[{"href":"http:\/\/gonenyapi.com.tr\/index.php\/wp-json\/wp\/v2\/media?parent=552"}],"wp:term":[{"taxonomy":"product_brand","embeddable":true,"href":"http:\/\/gonenyapi.com.tr\/index.php\/wp-json\/wp\/v2\/product_brand?post=552"},{"taxonomy":"product_cat","embeddable":true,"href":"http:\/\/gonenyapi.com.tr\/index.php\/wp-json\/wp\/v2\/product_cat?post=552"},{"taxonomy":"product_tag","embeddable":true,"href":"http:\/\/gonenyapi.com.tr\/index.php\/wp-json\/wp\/v2\/product_tag?post=552"}],"curies":[{"name":"wp","href":"https:\/\/api.w.org\/{rel}","templated":true}]}}