{"id":547,"date":"2020-09-29T20:47:54","date_gmt":"2020-09-29T17:47:54","guid":{"rendered":"http:\/\/gonenyapi.com.tr\/?post_type=product&#038;p=547"},"modified":"2020-09-29T20:47:54","modified_gmt":"2020-09-29T17:47:54","slug":"polyform-100","status":"publish","type":"product","link":"http:\/\/gonenyapi.com.tr\/index.php\/urun\/polyform-100\/","title":{"rendered":"POLYFORM 100"},"content":{"rendered":"<p><strong>Tan\u0131m\u0131 ve Kullan\u0131m Alanlar\u0131:<\/strong> Y\u00fcksek nitelikli bir ah\u015fap kal\u0131p ay\u0131r\u0131c\u0131d\u0131r. Kal\u0131b\u0131n betondan kolay ve h\u0131zl\u0131 bir \u015fekilde ayr\u0131lmas\u0131n\u0131 sa\u011flar, beton y\u00fczeyindeki hava kabarc\u0131klar\u0131n\u0131 azaltarak d\u00fczg\u00fcn ve lekesiz bir y\u00fczey kazand\u0131r\u0131r. Konvansiyonel ah\u015fap kal\u0131p sistemlerinde, \u00f6zellikle emicili\u011fi y\u00fcksek her t\u00fcrl\u00fc kal\u0131p y\u00fczeyinde kullan\u0131m\u0131 uygundur.<\/p>\n<p><strong>\u00d6zellikleri<\/strong>: \u00d6zel em\u00fclgat\u00f6r kar\u0131\u015f\u0131m\u0131 i\u00e7erir. Kullan\u0131ma haz\u0131rd\u0131r, seyreltilmeden direkt uygulan\u0131r. Uygulamas\u0131 basit ve kolayd\u0131r. Ak\u0131\u015fkanl\u0131\u011f\u0131 y\u00fcksektir, p\u00fcsk\u00fcrtme makinesinde t\u0131kan\u0131kl\u0131\u011fa yol a\u00e7maz. Kal\u0131plar\u0131n tekrar kullan\u0131m\u0131nda, temizlik gereksinimini en alt d\u00fczeye indirir. Kal\u0131p maliyetini ve i\u015f\u00e7ili\u011fini \u00f6nemli \u00f6l\u00e7\u00fcde azalt\u0131r. Kal\u0131b\u0131n verimlili\u011fini ve kullan\u0131m \u00f6mr\u00fcn\u00fc uzat\u0131r.<\/p>\n<p>Solvent i\u00e7ermez.<\/p>\n<p><strong>\u00dcr\u00fcn Kodu: <\/strong>30 lt:56130 210lt:56180<\/p>\n","protected":false},"excerpt":{"rendered":"<h1>Ah\u015fap Kal\u0131p Ay\u0131r\u0131c\u0131<\/h1>\n","protected":false},"featured_media":549,"comment_status":"closed","ping_status":"closed","template":"","meta":[],"product_brand":[],"product_cat":[120,119],"product_tag":[],"class_list":{"0":"post-547","1":"product","2":"type-product","3":"status-publish","4":"has-post-thumbnail","6":"product_cat-kalip-ayiricilar","7":"product_cat-kalip-ve-ayiricilar-ve-kur-malzemeleri","9":"first","10":"instock","11":"taxable","12":"shipping-taxable","13":"product-type-simple"},"_links":{"self":[{"href":"http:\/\/gonenyapi.com.tr\/index.php\/wp-json\/wp\/v2\/product\/547","targetHints":{"allow":["GET"]}}],"collection":[{"href":"http:\/\/gonenyapi.com.tr\/index.php\/wp-json\/wp\/v2\/product"}],"about":[{"href":"http:\/\/gonenyapi.com.tr\/index.php\/wp-json\/wp\/v2\/types\/product"}],"replies":[{"embeddable":true,"href":"http:\/\/gonenyapi.com.tr\/index.php\/wp-json\/wp\/v2\/comments?post=547"}],"wp:featuredmedia":[{"embeddable":true,"href":"http:\/\/gonenyapi.com.tr\/index.php\/wp-json\/wp\/v2\/media\/549"}],"wp:attachment":[{"href":"http:\/\/gonenyapi.com.tr\/index.php\/wp-json\/wp\/v2\/media?parent=547"}],"wp:term":[{"taxonomy":"product_brand","embeddable":true,"href":"http:\/\/gonenyapi.com.tr\/index.php\/wp-json\/wp\/v2\/product_brand?post=547"},{"taxonomy":"product_cat","embeddable":true,"href":"http:\/\/gonenyapi.com.tr\/index.php\/wp-json\/wp\/v2\/product_cat?post=547"},{"taxonomy":"product_tag","embeddable":true,"href":"http:\/\/gonenyapi.com.tr\/index.php\/wp-json\/wp\/v2\/product_tag?post=547"}],"curies":[{"name":"wp","href":"https:\/\/api.w.org\/{rel}","templated":true}]}}