{"id":533,"date":"2020-09-29T20:35:14","date_gmt":"2020-09-29T17:35:14","guid":{"rendered":"http:\/\/gonenyapi.com.tr\/?post_type=product&#038;p=533"},"modified":"2020-09-29T20:35:14","modified_gmt":"2020-09-29T17:35:14","slug":"fixa-polietilen-derz-dolgu-fitili","status":"publish","type":"product","link":"http:\/\/gonenyapi.com.tr\/index.php\/urun\/fixa-polietilen-derz-dolgu-fitili\/","title":{"rendered":"F\u0130XA Polietilen Derz Dolgu Fitili"},"content":{"rendered":"<p><strong>Tan\u0131m\u0131 ve Kullan\u0131m Alanlar\u0131:<\/strong> Dolgu kimyasal\u0131n\u0131 destekleyip mastik t\u00fcketimini azaltan, uzun \u00f6m\u00fcrl\u00fc, kapal\u0131 h\u00fccre yap\u0131l\u0131 derz dolgu fitilidir. Derz derinliklerinin ayarlanarak derzlerin do\u011fru olarak \u00e7al\u0131\u015fmas\u0131n\u0131 sa\u011flamak amac\u0131yla ve dilatasyonlar\u0131n yal\u0131t\u0131m\u0131nda kullan\u0131lan dolgu kimyasal\u0131n\u0131n desteklenmesinde kullan\u0131l\u0131r. Kap\u0131 ve pencere gibi yap\u0131 elemanlar\u0131n\u0131n duvar ile birle\u015fim yerlerinde dolgu malzemesi olarak tercih edilir. Derzlerde kullan\u0131lan dolgu kimyasal\u0131n\u0131n zemine yap\u0131\u015fmas\u0131n\u0131 engelleyerek yap\u0131 zemin hareketinin daha iyi kar\u015f\u0131lanmas\u0131 i\u00e7in kullan\u0131l\u0131r.<\/p>\n<p><strong>\u00d6zellikleri<\/strong>: Polietilen (PE) esasl\u0131d\u0131r. \u00dczerine uygulanan MS, hibrid ve poli\u00fcretan mastiklere yap\u0131\u015fmaz ve derz i\u00e7inde ayr\u0131 \u00e7al\u0131\u015f\u0131r. Esnektir ve s\u0131k\u0131\u015ft\u0131r\u0131labilir. N\u00f6trd\u00fcr, koku yapmaz. Uygulamas\u0131 kolayd\u0131r. Hava ve suyu ge\u00e7irmez.<\/p>\n<p>Mastik vb. dolgular\u0131n fazla kullan\u0131m\u0131n\u0131 \u00f6nleyerek maliyeti d\u00fc\u015f\u00fcr\u00fcr. Derz masti\u011finin \u00f6mr\u00fcn\u00fc uzat\u0131r. Ekonomiktir.<\/p>\n<p><strong>\u00dcr\u00fcn Kodu: <\/strong>6mm:55006 8mm:55008 10mm:55010<\/p>\n<p><strong>Bay\u0131nd\u0131rl\u0131k Poz No: <\/strong>04.613\/8\u0130<\/p>\n","protected":false},"excerpt":{"rendered":"<div class=\"row\">\n<div class=\"col-xs-12 text-center wow fadeIn animated\">\n<h1>F\u0130XA Polietilen Derz Dolgu Fitili<\/h1>\n<\/div>\n<\/div>\n","protected":false},"featured_media":534,"comment_status":"closed","ping_status":"closed","template":"","meta":[],"product_brand":[],"product_cat":[111],"product_tag":[],"class_list":{"0":"post-533","1":"product","2":"type-product","3":"status-publish","4":"has-post-thumbnail","6":"product_cat-zemin-sistemleri-yan-urunleri","8":"first","9":"instock","10":"taxable","11":"shipping-taxable","12":"product-type-simple"},"_links":{"self":[{"href":"http:\/\/gonenyapi.com.tr\/index.php\/wp-json\/wp\/v2\/product\/533","targetHints":{"allow":["GET"]}}],"collection":[{"href":"http:\/\/gonenyapi.com.tr\/index.php\/wp-json\/wp\/v2\/product"}],"about":[{"href":"http:\/\/gonenyapi.com.tr\/index.php\/wp-json\/wp\/v2\/types\/product"}],"replies":[{"embeddable":true,"href":"http:\/\/gonenyapi.com.tr\/index.php\/wp-json\/wp\/v2\/comments?post=533"}],"wp:featuredmedia":[{"embeddable":true,"href":"http:\/\/gonenyapi.com.tr\/index.php\/wp-json\/wp\/v2\/media\/534"}],"wp:attachment":[{"href":"http:\/\/gonenyapi.com.tr\/index.php\/wp-json\/wp\/v2\/media?parent=533"}],"wp:term":[{"taxonomy":"product_brand","embeddable":true,"href":"http:\/\/gonenyapi.com.tr\/index.php\/wp-json\/wp\/v2\/product_brand?post=533"},{"taxonomy":"product_cat","embeddable":true,"href":"http:\/\/gonenyapi.com.tr\/index.php\/wp-json\/wp\/v2\/product_cat?post=533"},{"taxonomy":"product_tag","embeddable":true,"href":"http:\/\/gonenyapi.com.tr\/index.php\/wp-json\/wp\/v2\/product_tag?post=533"}],"curies":[{"name":"wp","href":"https:\/\/api.w.org\/{rel}","templated":true}]}}