{"id":529,"date":"2020-09-29T20:32:54","date_gmt":"2020-09-29T17:32:54","guid":{"rendered":"http:\/\/gonenyapi.com.tr\/?post_type=product&#038;p=529"},"modified":"2020-09-29T20:32:54","modified_gmt":"2020-09-29T17:32:54","slug":"polan-590","status":"publish","type":"product","link":"http:\/\/gonenyapi.com.tr\/index.php\/urun\/polan-590\/","title":{"rendered":"POLAN 590"},"content":{"rendered":"<p><strong>Tan\u0131m\u0131 ve Kullan\u0131m Alanlar\u0131:<\/strong> Y\u00fcksek mekanik dayan\u0131ma sahip, kendi kendine yay\u0131lma \u00f6zelli\u011fi olan (self-leveling) esnek zemin kaplama malzemesidir. Hastane ve laboratuvar gibi hijyenik ortamlarda, g\u0131da ve ila\u00e7 end\u00fcstrilerinde, al\u0131\u015fveri\u015f merkezleri, fabrikalar, at\u00f6lyeler, depolar, so\u011fuk hava depolar\u0131 gibi yo\u011fun ara\u00e7 ve yaya trafi\u011fine maruz kalan mekanlarda kullan\u0131l\u0131r. \u0130\u00e7 ve d\u0131\u015f mekanlarda, yatay y\u00fczeylerde kullan\u0131ma uygundur.<\/p>\n<p><strong>\u00d6zellikleri<\/strong>: Poli\u00fcretan esasl\u0131, iki bile\u015fenlidir. Solvent i\u00e7ermez, kapal\u0131 mekanlarda g\u00fcvenle kullan\u0131labilir. Esnektir, y\u00fczeylerde \u00e7atlak \u00f6rtme \u00f6zelli\u011fine sahiptir. Rezonansa maruz kalan y\u00fczeylerde daha ba\u015far\u0131l\u0131d\u0131r.<\/p>\n<p>Eksiz ve derzsiz y\u00fczey olu\u015fturur, ya\u015flanmaya diren\u00e7lidir. Tuzlu su, tuz \u00e7\u00f6zeltileri, bazlar, seyreltilmi\u015f zay\u0131f asitler, benzin ve mineral ya\u011flara kar\u015f\u0131 dayan\u0131kl\u0131d\u0131r. Mekanik ve a\u015f\u0131nma dayan\u0131m\u0131 y\u00fcksektir.<\/p>\n<p>Hijyeniktir, steril ko\u015fullara uygundur, bak\u0131m gerektirmez. P\u00fcr\u00fczs\u00fcz y\u00fczeyi sayesinde kolay temizlenebilir.<\/p>\n<p><strong>\u00dcr\u00fcn Kodu: <\/strong>96025<\/p>\n","protected":false},"excerpt":{"rendered":"<h1>Poli\u00fcretan Esnek Self-Levelling Kaplama<\/h1>\n","protected":false},"featured_media":531,"comment_status":"closed","ping_status":"closed","template":"","meta":[],"product_brand":[],"product_cat":[109],"product_tag":[],"class_list":{"0":"post-529","1":"product","2":"type-product","3":"status-publish","4":"has-post-thumbnail","6":"product_cat-poliuretan-zemin-kaplamalari","8":"first","9":"instock","10":"taxable","11":"shipping-taxable","12":"product-type-simple"},"_links":{"self":[{"href":"http:\/\/gonenyapi.com.tr\/index.php\/wp-json\/wp\/v2\/product\/529","targetHints":{"allow":["GET"]}}],"collection":[{"href":"http:\/\/gonenyapi.com.tr\/index.php\/wp-json\/wp\/v2\/product"}],"about":[{"href":"http:\/\/gonenyapi.com.tr\/index.php\/wp-json\/wp\/v2\/types\/product"}],"replies":[{"embeddable":true,"href":"http:\/\/gonenyapi.com.tr\/index.php\/wp-json\/wp\/v2\/comments?post=529"}],"wp:featuredmedia":[{"embeddable":true,"href":"http:\/\/gonenyapi.com.tr\/index.php\/wp-json\/wp\/v2\/media\/531"}],"wp:attachment":[{"href":"http:\/\/gonenyapi.com.tr\/index.php\/wp-json\/wp\/v2\/media?parent=529"}],"wp:term":[{"taxonomy":"product_brand","embeddable":true,"href":"http:\/\/gonenyapi.com.tr\/index.php\/wp-json\/wp\/v2\/product_brand?post=529"},{"taxonomy":"product_cat","embeddable":true,"href":"http:\/\/gonenyapi.com.tr\/index.php\/wp-json\/wp\/v2\/product_cat?post=529"},{"taxonomy":"product_tag","embeddable":true,"href":"http:\/\/gonenyapi.com.tr\/index.php\/wp-json\/wp\/v2\/product_tag?post=529"}],"curies":[{"name":"wp","href":"https:\/\/api.w.org\/{rel}","templated":true}]}}