{"id":505,"date":"2020-09-29T20:11:00","date_gmt":"2020-09-29T17:11:00","guid":{"rendered":"http:\/\/gonenyapi.com.tr\/?post_type=product&#038;p=505"},"modified":"2020-09-29T20:11:00","modified_gmt":"2020-09-29T17:11:00","slug":"pu-960","status":"publish","type":"product","link":"http:\/\/gonenyapi.com.tr\/index.php\/urun\/pu-960\/","title":{"rendered":"PU 960"},"content":{"rendered":"<p><strong>Tan\u0131m\u0131 ve Kullan\u0131m Alanlar\u0131:<\/strong><\/p>\n<p>Havadaki nemle geni\u015fleyip k\u00fcrlenen genel ama\u00e7l\u0131 bir poli\u00fcretan k\u00f6p\u00fckt\u00fcr. Yap\u0131lar\u0131n i\u00e7 ve d\u0131\u015f genle\u015fme derzlerinde, teras dilatasyonlar\u0131nda, kap\u0131 ve pencere kasalar\u0131n\u0131n montaj\u0131nda ve izolasyonunda, s\u0131cak ve so\u011fuk su borular\u0131n\u0131n, elektrik tesisatlar\u0131n\u0131n izolasyonunda, bo\u015fluklar\u0131n, b\u00fcy\u00fck \u00e7atlak ve deliklerin doldurulmas\u0131nda kullan\u0131l\u0131r. Her t\u00fcrl\u00fc y\u00fczeye (teflon, PP, PE hari\u00e7) m\u00fckemmel yap\u0131\u015f\u0131r<\/p>\n<p><strong>\u00d6zellikleri<\/strong>: Tek bile\u015fenlidir, kolay uygulan\u0131r. Y\u00fcksek \u0131s\u0131 ve ses izolasyonu \u00f6zelli\u011fi vard\u0131r. Her t\u00fcrl\u00fc hava \u015fartlar\u0131na ve buhara dayan\u0131kl\u0131d\u0131r. Su ge\u00e7irmez, k\u00fcf tutmaz, \u00fczeri boyanabilir. Neme ve s\u0131cakl\u0131\u011fa ba\u011fl\u0131 olarak 35 lt\u2019ye kadar verimlidir.<\/p>\n<p>Ozon tabakas\u0131na zararl\u0131 itici gazlar i\u00e7ermez.<\/p>\n<p><strong>\u00dcr\u00fcn Kodu: <\/strong>80960<\/p>\n","protected":false},"excerpt":{"rendered":"<h1>\u00c7ok Ama\u00e7l\u0131 Poli\u00fcretan K\u00f6p\u00fck<\/h1>\n","protected":false},"featured_media":506,"comment_status":"closed","ping_status":"closed","template":"","meta":[],"product_brand":[],"product_cat":[94],"product_tag":[],"class_list":{"0":"post-505","1":"product","2":"type-product","3":"status-publish","4":"has-post-thumbnail","6":"product_cat-poliuretan-kopukler","8":"first","9":"instock","10":"taxable","11":"shipping-taxable","12":"product-type-simple"},"_links":{"self":[{"href":"http:\/\/gonenyapi.com.tr\/index.php\/wp-json\/wp\/v2\/product\/505","targetHints":{"allow":["GET"]}}],"collection":[{"href":"http:\/\/gonenyapi.com.tr\/index.php\/wp-json\/wp\/v2\/product"}],"about":[{"href":"http:\/\/gonenyapi.com.tr\/index.php\/wp-json\/wp\/v2\/types\/product"}],"replies":[{"embeddable":true,"href":"http:\/\/gonenyapi.com.tr\/index.php\/wp-json\/wp\/v2\/comments?post=505"}],"wp:featuredmedia":[{"embeddable":true,"href":"http:\/\/gonenyapi.com.tr\/index.php\/wp-json\/wp\/v2\/media\/506"}],"wp:attachment":[{"href":"http:\/\/gonenyapi.com.tr\/index.php\/wp-json\/wp\/v2\/media?parent=505"}],"wp:term":[{"taxonomy":"product_brand","embeddable":true,"href":"http:\/\/gonenyapi.com.tr\/index.php\/wp-json\/wp\/v2\/product_brand?post=505"},{"taxonomy":"product_cat","embeddable":true,"href":"http:\/\/gonenyapi.com.tr\/index.php\/wp-json\/wp\/v2\/product_cat?post=505"},{"taxonomy":"product_tag","embeddable":true,"href":"http:\/\/gonenyapi.com.tr\/index.php\/wp-json\/wp\/v2\/product_tag?post=505"}],"curies":[{"name":"wp","href":"https:\/\/api.w.org\/{rel}","templated":true}]}}