{"id":438,"date":"2020-09-26T12:40:40","date_gmt":"2020-09-26T12:40:40","guid":{"rendered":"http:\/\/gonenyapi.com.tr\/?post_type=product&#038;p=438"},"modified":"2020-09-26T12:40:40","modified_gmt":"2020-09-26T12:40:40","slug":"impermo-pu","status":"publish","type":"product","link":"http:\/\/gonenyapi.com.tr\/index.php\/urun\/impermo-pu\/","title":{"rendered":"IMPERMO PU"},"content":{"rendered":"<p><strong>Tan\u0131m\u0131 ve Kullan\u0131m Alanlar\u0131<\/strong>: Yap\u0131 derzlerinde kullan\u0131ma haz\u0131r pah band\u0131d\u0131r. Polyester ke\u00e7e ta\u015f\u0131y\u0131c\u0131l\u0131 poli\u00fcretan malzemeden \u00fcretilmi\u015ftir. \u0130\u00e7 ve d\u0131\u015f mekanlarda, havuz, su deposu, banyo, WC gibi \u0131slak mekanlarda, su deposu, havuz gibi boru giri\u015f-\u00e7\u0131k\u0131\u015f uygulama ve s\u00fczge\u00e7 detaylar\u0131nda, balkon ve teraslardaki dik d\u00f6n\u00fc\u015flerde, s\u00fcrme esasl\u0131 su yal\u0131t\u0131m malzemelerinin katmanlar\u0131 aras\u0131nda kullan\u0131l\u0131r.<\/p>\n<p><strong>\u00d6zellikleri<\/strong>: Su ge\u00e7irmez ve \u00e7atlaklar\u0131 \u00f6nler. %160 kopmada uzama \u00f6zelli\u011fine sahiptir. \u00d6zel \u00fc\u00e7 kat tabakadan olu\u015fur. Orta k\u0131sm\u0131 su ge\u00e7irimsiz poli\u00fcretan membran, di\u011fer iki kat\u0131 non-woven polyesterden olu\u015fmaktad\u0131r. Her iki k\u00f6\u015fede 2 cm\u2019lik delikleri mevcuttur.<\/p>\n<p>Kolayca kesilir ve her t\u00fcrl\u00fc su yal\u0131t\u0131m\u0131 detay\u0131nda kolayl\u0131kla uygulan\u0131r. Y\u0131rt\u0131lmaz, darbelere ve e\u011filmelere kar\u015f\u0131 mukavemet g\u00f6sterir.<\/p>\n<p>Su ge\u00e7irmemesine ra\u011fmen, su buhar\u0131 ge\u00e7irgenli\u011fi vard\u0131r. Bir \u00e7ok kimyasal maddeye kar\u015f\u0131 dayan\u0131kl\u0131d\u0131r.<\/p>\n<p><strong>\u00dcr\u00fcn Kodu: <\/strong>69101<\/p>\n","protected":false},"excerpt":{"rendered":"<h1>Pah Band\u0131<\/h1>\n","protected":false},"featured_media":440,"comment_status":"closed","ping_status":"closed","template":"","meta":[],"product_brand":[],"product_cat":[87],"product_tag":[],"class_list":{"0":"post-438","1":"product","2":"type-product","3":"status-publish","4":"has-post-thumbnail","6":"product_cat-su-tutucu-bantlar-ve-tamamlayici-urunler","8":"first","9":"instock","10":"taxable","11":"shipping-taxable","12":"product-type-simple"},"_links":{"self":[{"href":"http:\/\/gonenyapi.com.tr\/index.php\/wp-json\/wp\/v2\/product\/438","targetHints":{"allow":["GET"]}}],"collection":[{"href":"http:\/\/gonenyapi.com.tr\/index.php\/wp-json\/wp\/v2\/product"}],"about":[{"href":"http:\/\/gonenyapi.com.tr\/index.php\/wp-json\/wp\/v2\/types\/product"}],"replies":[{"embeddable":true,"href":"http:\/\/gonenyapi.com.tr\/index.php\/wp-json\/wp\/v2\/comments?post=438"}],"wp:featuredmedia":[{"embeddable":true,"href":"http:\/\/gonenyapi.com.tr\/index.php\/wp-json\/wp\/v2\/media\/440"}],"wp:attachment":[{"href":"http:\/\/gonenyapi.com.tr\/index.php\/wp-json\/wp\/v2\/media?parent=438"}],"wp:term":[{"taxonomy":"product_brand","embeddable":true,"href":"http:\/\/gonenyapi.com.tr\/index.php\/wp-json\/wp\/v2\/product_brand?post=438"},{"taxonomy":"product_cat","embeddable":true,"href":"http:\/\/gonenyapi.com.tr\/index.php\/wp-json\/wp\/v2\/product_cat?post=438"},{"taxonomy":"product_tag","embeddable":true,"href":"http:\/\/gonenyapi.com.tr\/index.php\/wp-json\/wp\/v2\/product_tag?post=438"}],"curies":[{"name":"wp","href":"https:\/\/api.w.org\/{rel}","templated":true}]}}