{"id":427,"date":"2020-09-26T12:20:30","date_gmt":"2020-09-26T12:20:30","guid":{"rendered":"http:\/\/gonenyapi.com.tr\/?post_type=product&#038;p=427"},"modified":"2020-09-26T12:20:31","modified_gmt":"2020-09-26T12:20:31","slug":"bitumfix-er-2k","status":"publish","type":"product","link":"http:\/\/gonenyapi.com.tr\/index.php\/urun\/bitumfix-er-2k\/","title":{"rendered":"B\u0130T\u00dcMF\u0130X ER 2K"},"content":{"rendered":"<p><strong>Tan\u0131m\u0131 ve Kullan\u0131m Alanlar\u0131:<\/strong> \u00c7imento ve elastomerik re\u00e7ine takviyeli, k\u00fcrledikten sonra esnek, aderans \u00f6zelli\u011fi y\u00fcksek ve ya\u015flanma s\u00fcresi uzun bir su yal\u0131t\u0131m malzemesidir. S\u00fcr\u00fcld\u00fc\u011f\u00fc y\u00fczeye kuvvetli bir \u015fekilde yap\u0131\u015farak suya ve neme kar\u015f\u0131 elastik, dayan\u0131kl\u0131 ve suda \u00e7\u00f6z\u00fcnmez bir tabaka olu\u015fturur. \u0130\u00e7 ve d\u0131\u015f mekanlarda, yatay ve d\u00fc\u015fey y\u00fczeylerde, temel, istinat duvarlar\u0131 ve perde duvarlar\u0131n korunmas\u0131 ve izolasyonunda, bodrum ve mahzen gibi mekanlarda ve teras yal\u0131t\u0131mlar\u0131nda kaplama alt\u0131nda kullanmaya uygundur. \u00dczerine EPS, XPS gibi \u0131s\u0131 yal\u0131t\u0131m plakalar\u0131 direkt olarak yap\u0131\u015ft\u0131r\u0131labilir.<\/p>\n<p><strong>\u00d6zellikleri<\/strong>: Bit\u00fcm em\u00fclsiyon esasl\u0131d\u0131r. \u0130ki bile\u015fenlidir. Su bazl\u0131d\u0131r. Y\u00fcksek performansl\u0131 su ge\u00e7irimsizlik sa\u011flar. Tuzlara ve zay\u0131f asitlere dayan\u0131kl\u0131d\u0131r.<\/p>\n<p>Kolay haz\u0131rlan\u0131r ve uygulan\u0131r, \u00e7abuk kurur. Kal\u0131c\u0131 elastikiyeti vard\u0131r, k\u0131lcal \u00e7atlaklar\u0131 ve r\u00f6tre \u00e7atlaklar\u0131n\u0131 kolayca kapat\u0131r. Kumlama yapma kayd\u0131 ile \u00fczeri s\u0131va ve har\u00e7 tutar. So\u011fuk uygulamal\u0131d\u0131r, k\u0131sa s\u00fcrede kurur. Yan\u0131c\u0131 ve zehirli maddeler ihtiva etmedi\u011finden, kapal\u0131 yerlerde g\u00fcvenle kullan\u0131labilir.<\/p>\n<p>Pozitif su bas\u0131nc\u0131na dayan\u0131kl\u0131d\u0131r.<\/p>\n<p><strong>\u00dcr\u00fcn Kodu: <\/strong>67030<\/p>\n<p><strong>Bay\u0131nd\u0131rl\u0131k Poz No: <\/strong>04.626\/07E<\/p>\n","protected":false},"excerpt":{"rendered":"<h1>Bit\u00fcm ve \u00c7imento Esasl\u0131 \u00c7ift Bile\u015fenli Su Yal\u0131t\u0131m Malzemesi<\/h1>\n","protected":false},"featured_media":428,"comment_status":"closed","ping_status":"closed","template":"","meta":[],"product_brand":[],"product_cat":[85],"product_tag":[],"class_list":{"0":"post-427","1":"product","2":"type-product","3":"status-publish","4":"has-post-thumbnail","6":"product_cat-bitum-cimento-esasli-su-yalitim-malzemeleri","8":"first","9":"instock","10":"taxable","11":"shipping-taxable","12":"product-type-simple"},"_links":{"self":[{"href":"http:\/\/gonenyapi.com.tr\/index.php\/wp-json\/wp\/v2\/product\/427","targetHints":{"allow":["GET"]}}],"collection":[{"href":"http:\/\/gonenyapi.com.tr\/index.php\/wp-json\/wp\/v2\/product"}],"about":[{"href":"http:\/\/gonenyapi.com.tr\/index.php\/wp-json\/wp\/v2\/types\/product"}],"replies":[{"embeddable":true,"href":"http:\/\/gonenyapi.com.tr\/index.php\/wp-json\/wp\/v2\/comments?post=427"}],"wp:featuredmedia":[{"embeddable":true,"href":"http:\/\/gonenyapi.com.tr\/index.php\/wp-json\/wp\/v2\/media\/428"}],"wp:attachment":[{"href":"http:\/\/gonenyapi.com.tr\/index.php\/wp-json\/wp\/v2\/media?parent=427"}],"wp:term":[{"taxonomy":"product_brand","embeddable":true,"href":"http:\/\/gonenyapi.com.tr\/index.php\/wp-json\/wp\/v2\/product_brand?post=427"},{"taxonomy":"product_cat","embeddable":true,"href":"http:\/\/gonenyapi.com.tr\/index.php\/wp-json\/wp\/v2\/product_cat?post=427"},{"taxonomy":"product_tag","embeddable":true,"href":"http:\/\/gonenyapi.com.tr\/index.php\/wp-json\/wp\/v2\/product_tag?post=427"}],"curies":[{"name":"wp","href":"https:\/\/api.w.org\/{rel}","templated":true}]}}