{"id":410,"date":"2020-09-26T12:05:18","date_gmt":"2020-09-26T12:05:18","guid":{"rendered":"http:\/\/gonenyapi.com.tr\/?post_type=product&#038;p=410"},"modified":"2020-09-26T12:05:18","modified_gmt":"2020-09-26T12:05:18","slug":"izo-cera","status":"publish","type":"product","link":"http:\/\/gonenyapi.com.tr\/index.php\/urun\/izo-cera\/","title":{"rendered":"\u0130ZO-CERA"},"content":{"rendered":"<p><strong>Tan\u0131m\u0131 ve Kullan\u0131m Alanlar\u0131: <\/strong>Uyguland\u0131\u011f\u0131 y\u00fczeyin alt\u0131na n\u00fcfuz ederek suyun i\u00e7eri girmesini engelleyen y\u00fczey koruyucu ve su itici bir malzemedir<strong>. <\/strong>\u0130\u00e7 ve d\u0131\u015f cephelerde, dikey y\u00fczeylerde rahatl\u0131kla uygulan\u0131r. Gerek beton, s\u0131va, kayrak ta\u015f\u0131 gibi orta d\u00fczeyde gerekse tu\u011fla, gazbeton, traverten, do\u011falta\u015f gibi emici y\u00fczeylerde kullan\u0131l\u0131r. Seramik, fayans, cam mozaik gibi kaplama malzemelerinin ara derzlerinde su iticilik sa\u011flanmas\u0131nda tercih edilir. Eski eserlerin hava \u015fartlar\u0131na kar\u015f\u0131 korunmas\u0131 ve restorasyonu i\u00e7in idealdir.<\/p>\n<p><strong>\u00d6zellikleri:<\/strong><\/p>\n<p>Silikon esasl\u0131d\u0131r, bu sayede suyu iterek y\u00fczeyin kuru ve temiz kalmas\u0131n\u0131 sa\u011flar. H\u0131zl\u0131 su iticilik \u00f6zelli\u011fi sayesinde ya\u011fan ya\u011fmur ile y\u00fczey kendi kendini y\u0131kar. Duvarlar\u0131n kuru kalmas\u0131n\u0131 sa\u011flayarak, \u0131s\u0131 kayb\u0131n\u0131 azalt\u0131r.<\/p>\n<p>Renksiz ve \u015feffaft\u0131r, g\u00f6r\u00fcn\u00fcm\u00fcn de\u011fi\u015fmesi istenmeyen y\u00fczeyler i\u00e7in ideal bir malzemedir. Y\u00fczeye \u00e7ok iyi n\u00fcfuz eder, y\u00fczeyde tabaka olu\u015fturmaz ve y\u00fczeyin nefes almas\u0131n\u0131 engellemez.<\/p>\n<p>Solvent i\u00e7ermez. Alkali ve UV dayan\u0131ml\u0131d\u0131r. Y\u00fczeyin renginin solmas\u0131n\u0131 engeller.<\/p>\n<p><strong>\u00dcr\u00fcn Kodu: <\/strong>1kg:65101 20kg:65120<\/p>\n<p><strong>Bay\u0131nd\u0131rl\u0131k Poz No: <\/strong>04.472\/3<\/p>\n","protected":false},"excerpt":{"rendered":"<h1>Renksiz Y\u00fczey Koruyucu ve Su \u0130tici<\/h1>\n","protected":false},"featured_media":411,"comment_status":"closed","ping_status":"closed","template":"","meta":[],"product_brand":[],"product_cat":[83],"product_tag":[],"class_list":{"0":"post-410","1":"product","2":"type-product","3":"status-publish","4":"has-post-thumbnail","6":"product_cat-silikon-esasli-su-yalitim-malzemeleri","8":"first","9":"instock","10":"taxable","11":"shipping-taxable","12":"product-type-simple"},"_links":{"self":[{"href":"http:\/\/gonenyapi.com.tr\/index.php\/wp-json\/wp\/v2\/product\/410","targetHints":{"allow":["GET"]}}],"collection":[{"href":"http:\/\/gonenyapi.com.tr\/index.php\/wp-json\/wp\/v2\/product"}],"about":[{"href":"http:\/\/gonenyapi.com.tr\/index.php\/wp-json\/wp\/v2\/types\/product"}],"replies":[{"embeddable":true,"href":"http:\/\/gonenyapi.com.tr\/index.php\/wp-json\/wp\/v2\/comments?post=410"}],"wp:featuredmedia":[{"embeddable":true,"href":"http:\/\/gonenyapi.com.tr\/index.php\/wp-json\/wp\/v2\/media\/411"}],"wp:attachment":[{"href":"http:\/\/gonenyapi.com.tr\/index.php\/wp-json\/wp\/v2\/media?parent=410"}],"wp:term":[{"taxonomy":"product_brand","embeddable":true,"href":"http:\/\/gonenyapi.com.tr\/index.php\/wp-json\/wp\/v2\/product_brand?post=410"},{"taxonomy":"product_cat","embeddable":true,"href":"http:\/\/gonenyapi.com.tr\/index.php\/wp-json\/wp\/v2\/product_cat?post=410"},{"taxonomy":"product_tag","embeddable":true,"href":"http:\/\/gonenyapi.com.tr\/index.php\/wp-json\/wp\/v2\/product_tag?post=410"}],"curies":[{"name":"wp","href":"https:\/\/api.w.org\/{rel}","templated":true}]}}