{"id":364,"date":"2020-09-26T11:20:41","date_gmt":"2020-09-26T11:20:41","guid":{"rendered":"http:\/\/gonenyapi.com.tr\/?post_type=product&#038;p=364"},"modified":"2020-09-26T11:20:41","modified_gmt":"2020-09-26T11:20:41","slug":"sonmus-kirec-kalsiyum-hidroksit","status":"publish","type":"product","link":"http:\/\/gonenyapi.com.tr\/index.php\/urun\/sonmus-kirec-kalsiyum-hidroksit\/","title":{"rendered":"S\u00f6nm\u00fc\u015f Kire\u00e7 (Kalsiyum Hidroksit)"},"content":{"rendered":"<p>\u0130n\u015faat Sekt\u00f6r\u00fc, Maden Sekt\u00f6r\u00fc, Ka\u011f\u0131t Sanayi, Kimyasallar, Baca Gaz\u0131 Ar\u0131tma, \u0130\u00e7me Suyu Ar\u0131tma, At\u0131k Su Ar\u0131tma<\/p>\n","protected":false},"excerpt":{"rendered":"<p>\u0130n\u015faat Sekt\u00f6r\u00fc, Maden Sekt\u00f6r\u00fc, Ka\u011f\u0131t Sanayi, Kimyasallar, Baca Gaz\u0131 Ar\u0131tma, \u0130\u00e7me Suyu Ar\u0131tma, At\u0131k Su Ar\u0131tma<\/p>\n","protected":false},"featured_media":363,"comment_status":"closed","ping_status":"closed","template":"","meta":[],"product_brand":[],"product_cat":[74],"product_tag":[],"class_list":{"0":"post-364","1":"product","2":"type-product","3":"status-publish","4":"has-post-thumbnail","6":"product_cat-kimtas-kirec","8":"first","9":"instock","10":"taxable","11":"shipping-taxable","12":"product-type-simple"},"_links":{"self":[{"href":"http:\/\/gonenyapi.com.tr\/index.php\/wp-json\/wp\/v2\/product\/364","targetHints":{"allow":["GET"]}}],"collection":[{"href":"http:\/\/gonenyapi.com.tr\/index.php\/wp-json\/wp\/v2\/product"}],"about":[{"href":"http:\/\/gonenyapi.com.tr\/index.php\/wp-json\/wp\/v2\/types\/product"}],"replies":[{"embeddable":true,"href":"http:\/\/gonenyapi.com.tr\/index.php\/wp-json\/wp\/v2\/comments?post=364"}],"wp:featuredmedia":[{"embeddable":true,"href":"http:\/\/gonenyapi.com.tr\/index.php\/wp-json\/wp\/v2\/media\/363"}],"wp:attachment":[{"href":"http:\/\/gonenyapi.com.tr\/index.php\/wp-json\/wp\/v2\/media?parent=364"}],"wp:term":[{"taxonomy":"product_brand","embeddable":true,"href":"http:\/\/gonenyapi.com.tr\/index.php\/wp-json\/wp\/v2\/product_brand?post=364"},{"taxonomy":"product_cat","embeddable":true,"href":"http:\/\/gonenyapi.com.tr\/index.php\/wp-json\/wp\/v2\/product_cat?post=364"},{"taxonomy":"product_tag","embeddable":true,"href":"http:\/\/gonenyapi.com.tr\/index.php\/wp-json\/wp\/v2\/product_tag?post=364"}],"curies":[{"name":"wp","href":"https:\/\/api.w.org\/{rel}","templated":true}]}}