{"id":306,"date":"2020-09-24T12:45:53","date_gmt":"2020-09-24T12:45:53","guid":{"rendered":"http:\/\/gonenyapi.com.tr\/?post_type=product&#038;p=306"},"modified":"2020-09-24T12:45:53","modified_gmt":"2020-09-24T12:45:53","slug":"dusey-duvar-montaj-arabasi","status":"publish","type":"product","link":"http:\/\/gonenyapi.com.tr\/index.php\/urun\/dusey-duvar-montaj-arabasi\/","title":{"rendered":"D\u00fc\u015fey Duvar Montaj Arabas\u0131"},"content":{"rendered":"<p>Ta\u015f\u0131y\u0131c\u0131 d\u00fc\u015fey duvar elemanlar\u0131n\u0131n montaj yerine yatay ta\u015f\u0131nmas\u0131nda ve montaj\u0131nda kullan\u0131l\u0131r. Yakla\u015f\u0131k 60 kg a\u011f\u0131rl\u0131\u011f\u0131nda olup maksimum ta\u015f\u0131ma g\u00fcc\u00fc 500 kg&#8217;d\u0131r.<\/p>\n","protected":false},"excerpt":{"rendered":"<p>Ta\u015f\u0131y\u0131c\u0131 d\u00fc\u015fey duvar elemanlar\u0131n\u0131n montaj yerine yatay ta\u015f\u0131nmas\u0131nda ve montaj\u0131nda kullan\u0131l\u0131r. Yakla\u015f\u0131k 60 kg a\u011f\u0131rl\u0131\u011f\u0131nda olup maksimum ta\u015f\u0131ma g\u00fcc\u00fc 500 kg&#8217;d\u0131r.<\/p>\n","protected":false},"featured_media":303,"comment_status":"closed","ping_status":"closed","template":"","meta":[],"product_brand":[],"product_cat":[68],"product_tag":[62],"class_list":{"0":"post-306","1":"product","2":"type-product","3":"status-publish","4":"has-post-thumbnail","6":"product_cat-montaj-aletleri","7":"product_tag-ytong","9":"first","10":"instock","11":"taxable","12":"shipping-taxable","13":"product-type-simple"},"_links":{"self":[{"href":"http:\/\/gonenyapi.com.tr\/index.php\/wp-json\/wp\/v2\/product\/306","targetHints":{"allow":["GET"]}}],"collection":[{"href":"http:\/\/gonenyapi.com.tr\/index.php\/wp-json\/wp\/v2\/product"}],"about":[{"href":"http:\/\/gonenyapi.com.tr\/index.php\/wp-json\/wp\/v2\/types\/product"}],"replies":[{"embeddable":true,"href":"http:\/\/gonenyapi.com.tr\/index.php\/wp-json\/wp\/v2\/comments?post=306"}],"wp:featuredmedia":[{"embeddable":true,"href":"http:\/\/gonenyapi.com.tr\/index.php\/wp-json\/wp\/v2\/media\/303"}],"wp:attachment":[{"href":"http:\/\/gonenyapi.com.tr\/index.php\/wp-json\/wp\/v2\/media?parent=306"}],"wp:term":[{"taxonomy":"product_brand","embeddable":true,"href":"http:\/\/gonenyapi.com.tr\/index.php\/wp-json\/wp\/v2\/product_brand?post=306"},{"taxonomy":"product_cat","embeddable":true,"href":"http:\/\/gonenyapi.com.tr\/index.php\/wp-json\/wp\/v2\/product_cat?post=306"},{"taxonomy":"product_tag","embeddable":true,"href":"http:\/\/gonenyapi.com.tr\/index.php\/wp-json\/wp\/v2\/product_tag?post=306"}],"curies":[{"name":"wp","href":"https:\/\/api.w.org\/{rel}","templated":true}]}}