{"id":278,"date":"2020-09-20T19:06:50","date_gmt":"2020-09-20T19:06:50","guid":{"rendered":"http:\/\/gonenyapi.com.tr\/?post_type=product&#038;p=278"},"modified":"2020-09-20T19:06:50","modified_gmt":"2020-09-20T19:06:50","slug":"wallboard-xps","status":"publish","type":"product","link":"http:\/\/gonenyapi.com.tr\/index.php\/urun\/wallboard-xps\/","title":{"rendered":"Wallboard XPS"},"content":{"rendered":"<p>Kristal ( Genel Ama\u00e7l\u0131 ) Polistiren&#8217; den ekstr\u00fczyon y\u00f6ntemi ile \u00fcretilmi\u015ftir.Kullan\u0131m alanlar\u0131na g\u00f6re \u00e7e\u015fitli boyutlarda ve yo\u011funlukta \u00fcretilebilmektedir.M\u00fckemmel \u0131s\u0131 yal\u0131t\u0131m\u0131 sa\u011flar. Is\u0131 Kay\u0131plar\u0131n\u0131 azalt\u0131r.Is\u0131 iletkenlik hesap de\u011feri TS EN 13164 standartlar\u0131na uygundur.Su buhar\u0131 dif\u00fczyon diren\u00e7 de\u011feri TS EN 13164 standartlar\u0131na uygundur.<\/p>\n<p>Kullan\u0131m S\u0131cakl\u0131\u011f\u0131 Aral\u0131\u011f\u0131 : -50 ile +75 C aras\u0131ndad\u0131r. %100 kapal\u0131 g\u00f6zenekleri sayesinde homojen h\u00fccre yap\u0131s\u0131na ve uzun \u00f6m\u00fcre sahiptir.Basma dayan\u0131m\u0131 ve boyut stabilitesi y\u00fcksektir.<\/p>\n<p>E s\u0131n\u0131f\u0131 zor alevlenen, alev y\u00fcr\u00fctmez \u00f6zelli\u011fine sahiptir.10 mm ila 120 mm kal\u0131nl\u0131k aral\u0131\u011f\u0131nda ve 600*1200 mm standart en*boy olarak \u00fcretilmektedir. En 600 mm standart olup boy 3000 mm\u2019ye kadar \u00fcretilebilmektedir.<\/p>\n<p>D\u00fcz veya Gofret Desenli ( D\u0130AMANTO ( Mantolama uygulamas\u0131 i\u00e7in ) y\u00fczeylerde ve binili veya binisiz kenar \u00f6zelliklerinde \u00fcretilebilmektedir. Yal\u0131t\u0131m ama\u00e7l\u0131 olarak bir \u00e7ok uygulamada kullan\u0131lmaktad\u0131r.<\/p>\n","protected":false},"excerpt":{"rendered":"<p>Kristal ( Genel Ama\u00e7l\u0131 ) Polistiren&#8217; den ekstr\u00fczyon y\u00f6ntemi ile \u00fcretilmi\u015ftir.Kullan\u0131m alanlar\u0131na g\u00f6re \u00e7e\u015fitli boyutlarda ve yo\u011funlukta \u00fcretilebilmektedir.<\/p>\n","protected":false},"featured_media":279,"comment_status":"closed","ping_status":"closed","template":"","meta":[],"product_brand":[],"product_cat":[56],"product_tag":[59,58],"class_list":{"0":"post-278","1":"product","2":"type-product","3":"status-publish","4":"has-post-thumbnail","6":"product_cat-wallboard-bz","7":"product_tag-bz-insaat","8":"product_tag-wallboard","10":"first","11":"instock","12":"taxable","13":"shipping-taxable","14":"product-type-simple"},"_links":{"self":[{"href":"http:\/\/gonenyapi.com.tr\/index.php\/wp-json\/wp\/v2\/product\/278","targetHints":{"allow":["GET"]}}],"collection":[{"href":"http:\/\/gonenyapi.com.tr\/index.php\/wp-json\/wp\/v2\/product"}],"about":[{"href":"http:\/\/gonenyapi.com.tr\/index.php\/wp-json\/wp\/v2\/types\/product"}],"replies":[{"embeddable":true,"href":"http:\/\/gonenyapi.com.tr\/index.php\/wp-json\/wp\/v2\/comments?post=278"}],"wp:featuredmedia":[{"embeddable":true,"href":"http:\/\/gonenyapi.com.tr\/index.php\/wp-json\/wp\/v2\/media\/279"}],"wp:attachment":[{"href":"http:\/\/gonenyapi.com.tr\/index.php\/wp-json\/wp\/v2\/media?parent=278"}],"wp:term":[{"taxonomy":"product_brand","embeddable":true,"href":"http:\/\/gonenyapi.com.tr\/index.php\/wp-json\/wp\/v2\/product_brand?post=278"},{"taxonomy":"product_cat","embeddable":true,"href":"http:\/\/gonenyapi.com.tr\/index.php\/wp-json\/wp\/v2\/product_cat?post=278"},{"taxonomy":"product_tag","embeddable":true,"href":"http:\/\/gonenyapi.com.tr\/index.php\/wp-json\/wp\/v2\/product_tag?post=278"}],"curies":[{"name":"wp","href":"https:\/\/api.w.org\/{rel}","templated":true}]}}