{"id":235,"date":"2020-09-20T17:52:22","date_gmt":"2020-09-20T17:52:22","guid":{"rendered":"http:\/\/gonenyapi.com.tr\/?post_type=product&#038;p=235"},"modified":"2020-09-29T14:29:36","modified_gmt":"2020-09-29T11:29:36","slug":"a210-fleks-seramik-yapistiricisi","status":"publish","type":"product","link":"http:\/\/gonenyapi.com.tr\/index.php\/urun\/a210-fleks-seramik-yapistiricisi\/","title":{"rendered":"A210 Fleks Seramik Yap\u0131\u015ft\u0131r\u0131c\u0131s\u0131"},"content":{"rendered":"<div class=\"fusion-layout-column fusion_builder_column fusion_builder_column_2_3 fusion-two-third fusion-column-last 2_3\">\n<div class=\"fusion-column-wrapper\" data-bg-url=\"\">\n<div class=\"fusion-text\">\n<p>Seramik y\u00fczeyler i\u00e7in y\u00fcksek performansl\u0131, esnek fayans seramik yap\u0131\u015ft\u0131rma harc\u0131<\/p>\n<ul>\n<li>Y\u00fcksek yap\u0131\u015fma dayan\u0131m ve esneklik, S1<\/li>\n<li>Zorlu y\u00fczeylerde \u00e7\u00f6z\u00fcm<\/li>\n<li>Balkon, teras, d\u0131\u015f cephe g\u00fcvenli kullan\u0131m<\/li>\n<li>Alttan \u0131s\u0131tmal\u0131 sistemlerde<\/li>\n<li>TS EN 12004<\/li>\n<\/ul>\n<\/div>\n<\/div>\n<\/div>\n<div class=\"fusion-layout-column fusion_builder_column fusion_builder_column_1_1 fusion-one-full fusion-column-first fusion-column-last 1_1\">\n<div class=\"fusion-column-wrapper\" data-bg-url=\"\">\n<div class=\"fusion-tabs fusion-tabs-1 classic nav-not-justified horizontal-tabs icon-position-left\">\n<div class=\"nav\">\n<ul class=\"nav-tabs\">\n<li class=\"active\">\n<h4 class=\"fusion-tab-heading\" data-fontsize=\"15\" data-lineheight=\"25\">Detayl\u0131 Bilgi<\/h4>\n<\/li>\n<\/ul>\n<\/div>\n<div class=\"tab-content\">\n<div id=\"tab-c60efb585da79a123a6\" class=\"tab-pane fade fusion-clearfix in active\">\n<p><img loading=\"lazy\" decoding=\"async\" class=\"alignnone size-full wp-image-12465\" src=\"https:\/\/absalci.com.tr\/wp-content\/uploads\/2018\/10\/abs-a210-teknik.jpg\" sizes=\"auto, (max-width: 639px) 100vw, 639px\" srcset=\"https:\/\/www.absalci.com.tr\/wp-content\/uploads\/2018\/10\/abs-a210-teknik-200x128.jpg 200w, https:\/\/www.absalci.com.tr\/wp-content\/uploads\/2018\/10\/abs-a210-teknik-300x192.jpg 300w, https:\/\/www.absalci.com.tr\/wp-content\/uploads\/2018\/10\/abs-a210-teknik-400x257.jpg 400w, https:\/\/www.absalci.com.tr\/wp-content\/uploads\/2018\/10\/abs-a210-teknik-460x295.jpg 460w, https:\/\/www.absalci.com.tr\/wp-content\/uploads\/2018\/10\/abs-a210-teknik-600x385.jpg 600w, https:\/\/www.absalci.com.tr\/wp-content\/uploads\/2018\/10\/abs-a210-teknik.jpg 639w\" alt=\"\" width=\"639\" height=\"410\" \/><\/p>\n<\/div>\n<\/div>\n<\/div>\n<\/div>\n<\/div>\n","protected":false},"excerpt":{"rendered":"<p>Seramik y\u00fczeyler i\u00e7in y\u00fcksek performansl\u0131, esnek fayans seramik yap\u0131\u015ft\u0131rma harc\u0131<\/p>\n","protected":false},"featured_media":236,"comment_status":"closed","ping_status":"closed","template":"","meta":[],"product_brand":[],"product_cat":[45],"product_tag":[19,35,36,42,46,41,47],"class_list":{"0":"post-235","1":"product","2":"type-product","3":"status-publish","4":"has-post-thumbnail","6":"product_cat-seramik-yapistiricilari-ve-derz-dolgular","7":"product_tag-abs","8":"product_tag-derz","9":"product_tag-dolgu","10":"product_tag-kimyasallari","11":"product_tag-seramik","12":"product_tag-yapi","13":"product_tag-yapistiriclari","15":"first","16":"instock","17":"taxable","18":"shipping-taxable","19":"product-type-simple"},"_links":{"self":[{"href":"http:\/\/gonenyapi.com.tr\/index.php\/wp-json\/wp\/v2\/product\/235","targetHints":{"allow":["GET"]}}],"collection":[{"href":"http:\/\/gonenyapi.com.tr\/index.php\/wp-json\/wp\/v2\/product"}],"about":[{"href":"http:\/\/gonenyapi.com.tr\/index.php\/wp-json\/wp\/v2\/types\/product"}],"replies":[{"embeddable":true,"href":"http:\/\/gonenyapi.com.tr\/index.php\/wp-json\/wp\/v2\/comments?post=235"}],"wp:featuredmedia":[{"embeddable":true,"href":"http:\/\/gonenyapi.com.tr\/index.php\/wp-json\/wp\/v2\/media\/236"}],"wp:attachment":[{"href":"http:\/\/gonenyapi.com.tr\/index.php\/wp-json\/wp\/v2\/media?parent=235"}],"wp:term":[{"taxonomy":"product_brand","embeddable":true,"href":"http:\/\/gonenyapi.com.tr\/index.php\/wp-json\/wp\/v2\/product_brand?post=235"},{"taxonomy":"product_cat","embeddable":true,"href":"http:\/\/gonenyapi.com.tr\/index.php\/wp-json\/wp\/v2\/product_cat?post=235"},{"taxonomy":"product_tag","embeddable":true,"href":"http:\/\/gonenyapi.com.tr\/index.php\/wp-json\/wp\/v2\/product_tag?post=235"}],"curies":[{"name":"wp","href":"https:\/\/api.w.org\/{rel}","templated":true}]}}