{"id":202,"date":"2020-09-19T19:25:41","date_gmt":"2020-09-19T19:25:41","guid":{"rendered":"http:\/\/gonenyapi.com.tr\/?post_type=product&#038;p=202"},"modified":"2020-09-19T19:25:41","modified_gmt":"2020-09-19T19:25:41","slug":"intreme-wrfr","status":"publish","type":"product","link":"http:\/\/gonenyapi.com.tr\/index.php\/urun\/intreme-wrfr\/","title":{"rendered":"Intreme WRFR"},"content":{"rendered":"<div class=\"fusion-fullwidth fullwidth-box nonhundred-percent-fullwidth non-hundred-percent-height-scrolling\">\n<div class=\"fusion-builder-row fusion-row \">\n<div class=\"fusion-layout-column fusion_builder_column fusion_builder_column_4_5 fusion-builder-column-2 fusion-four-fifth fusion-column-last 4_5\">\n<div class=\"fusion-column-wrapper\" data-bg-url=\"\"><span class=\"fusion-imageframe imageframe-none imageframe-1 hover-type-none\"><img decoding=\"async\" class=\"img-responsive wp-image-14801\" title=\"intreme wrfr web-p\" src=\"http:\/\/www.absalci.com.tr\/wp-content\/uploads\/2020\/06\/intreme-wrfr-web-p.jpg\" sizes=\"(max-width: 1000px) 100vw, 1000px\" srcset=\"https:\/\/www.absalci.com.tr\/wp-content\/uploads\/2020\/06\/intreme-wrfr-web-p-200x210.jpg 200w, https:\/\/www.absalci.com.tr\/wp-content\/uploads\/2020\/06\/intreme-wrfr-web-p-400x419.jpg 400w, https:\/\/www.absalci.com.tr\/wp-content\/uploads\/2020\/06\/intreme-wrfr-web-p-600x629.jpg 600w, https:\/\/www.absalci.com.tr\/wp-content\/uploads\/2020\/06\/intreme-wrfr-web-p-800x838.jpg 800w, https:\/\/www.absalci.com.tr\/wp-content\/uploads\/2020\/06\/intreme-wrfr-web-p.jpg 1000w\" alt=\"\" width=\"\" height=\"\" \/><\/span><\/p>\n<div class=\"fusion-clearfix\"><\/div>\n<\/div>\n<\/div>\n<\/div>\n<\/div>\n<div class=\"fusion-fullwidth fullwidth-box nonhundred-percent-fullwidth non-hundred-percent-height-scrolling\">\n<div class=\"fusion-builder-row fusion-row \">\n<div class=\"fusion-layout-column fusion_builder_column fusion_builder_column_1_5 fusion-builder-column-3 fusion-one-fifth fusion-column-first 1_5\">\n<div class=\"fusion-column-wrapper\" data-bg-url=\"\">\n<div class=\"fusion-clearfix\"><\/div>\n<\/div>\n<\/div>\n<div class=\"fusion-layout-column fusion_builder_column fusion_builder_column_4_5 fusion-builder-column-4 fusion-four-fifth fusion-column-last fusion-blend-mode 4_5\">\n<div class=\"fusion-column-wrapper\" data-bg-url=\"\">\n<div class=\"fusion-builder-row fusion-builder-row-inner fusion-row \">\n<div class=\"fusion-layout-column fusion_builder_column fusion_builder_column_1_1  fusion-one-full fusion-column-first fusion-column-last 1_1\">\n<div class=\"fusion-column-wrapper\" data-bg-url=\"\">\n<div class=\"fusion-text\">\n<h3 data-fontsize=\"24\" data-lineheight=\"33\">T\u00fcrkiye\u2019nin ilk ve tek 9 kg\/m2 suya dayan\u0131kl\u0131 yanma diren\u00e7li hafif i\u00e7 mekan al\u00e7\u0131 plakas\u0131<\/h3>\n<\/div>\n<\/div>\n<\/div>\n<\/div>\n<div class=\"fusion-clearfix\"><\/div>\n<\/div>\n<\/div>\n<\/div>\n<\/div>\n<div class=\"fusion-fullwidth fullwidth-box nonhundred-percent-fullwidth non-hundred-percent-height-scrolling\">\n<div class=\"fusion-builder-row fusion-row \">\n<div class=\"fusion-layout-column fusion_builder_column fusion_builder_column_1_5 fusion-builder-column-5 fusion-one-fifth fusion-column-first 1_5\">\n<div class=\"fusion-column-wrapper\" data-bg-url=\"\">\n<div class=\"fusion-clearfix\"><\/div>\n<\/div>\n<\/div>\n<div class=\"fusion-layout-column fusion_builder_column fusion_builder_column_4_5 fusion-builder-column-6 fusion-four-fifth fusion-column-last 4_5\">\n<div class=\"fusion-column-wrapper\" data-bg-url=\"\">\n<div class=\"fusion-content-boxes content-boxes columns row fusion-columns-1 fusion-columns-total-6 fusion-content-boxes-1 content-boxes-timeline-vertical content-left content-boxes-icon-with-title fusion-delayed-animation\" data-animation-delay=\"350\" data-animationoffset=\"100%\">\n<div class=\"fusion-column content-box-column content-box-column content-box-column-1 col-lg-12 col-md-12 col-sm-12 fusion-content-box-hover  content-box-column-last-in-row fusion-appear\">\n<div class=\"col content-box-wrapper content-wrapper link-area-box icon-hover-animation-slide fusion-animated fadeIn\" data-animationtype=\"fadeIn\" data-animationduration=\"0.25\" data-animationoffset=\"100%\">\n<div class=\"heading heading-with-icon icon-left\">\n<div class=\"icon\"><\/div>\n<h3 class=\"content-box-heading\" data-inline-fontsize=\"true\" data-inline-lineheight=\"true\" data-fontsize=\"20\" data-lineheight=\"25\">YANGINA DAYANIKLILIKTA YEN\u0130 B\u0130R BAKI\u015e A\u00c7ISI<\/h3>\n<\/div>\n<div class=\"fusion-clearfix\"><\/div>\n<div class=\"content-container\">Yang\u0131na direnci art\u0131ran, \u00f6zel olarak form\u00fcle edilmi\u015f, yanmaz al\u00e7\u0131 \u00f6z\u00fcne sahip<\/div>\n<div class=\"content-box-shortcode-timeline-vertical\"><\/div>\n<\/div>\n<\/div>\n<div class=\"fusion-column content-box-column content-box-column content-box-column-2 col-lg-12 col-md-12 col-sm-12 fusion-content-box-hover  content-box-column-last-in-row fusion-appear\">\n<div class=\"col content-box-wrapper content-wrapper link-area-box icon-hover-animation-slide fusion-animated fadeIn\" data-animationtype=\"fadeIn\" data-animationduration=\"0.25\" data-animationoffset=\"100%\">\n<div class=\"heading heading-with-icon icon-left\">\n<div class=\"icon\"><\/div>\n<h3 class=\"content-box-heading\" data-inline-fontsize=\"true\" data-inline-lineheight=\"true\" data-fontsize=\"20\" data-lineheight=\"25\">HAF\u0130FL\u0130KTE YEN\u0130 B\u0130R BAKI\u015e A\u00c7ISI<\/h3>\n<\/div>\n<div class=\"fusion-clearfix\"><\/div>\n<div class=\"content-container\">End\u00fcstri standartlar\u0131n\u0131n alt\u0131ndaki hafifli\u011fi sayesinde nakliyeden montaja pek \u00e7ok alanda avantaj<\/div>\n<div class=\"content-box-shortcode-timeline-vertical\"><\/div>\n<\/div>\n<\/div>\n<div class=\"fusion-column content-box-column content-box-column content-box-column-3 col-lg-12 col-md-12 col-sm-12 fusion-content-box-hover  content-box-column-last-in-row fusion-appear\">\n<div class=\"col content-box-wrapper content-wrapper link-area-box icon-hover-animation-slide fusion-animated fadeIn\" data-animationtype=\"fadeIn\" data-animationduration=\"0.25\" data-animationoffset=\"100%\">\n<div class=\"heading heading-with-icon icon-left\">\n<div class=\"icon\"><\/div>\n<h3 class=\"content-box-heading\" data-inline-fontsize=\"true\" data-inline-lineheight=\"true\" data-fontsize=\"20\" data-lineheight=\"25\">YAPI G\u00dcVENL\u0130\u011e\u0130NDE YEN\u0130 B\u0130R BAKI\u015e A\u00c7ISI<\/h3>\n<\/div>\n<div class=\"fusion-clearfix\"><\/div>\n<div class=\"content-container\">Belirli s\u00fcre su ve yang\u0131n dayan\u0131m\u0131 istenen yerlerde kolay montaj avantaj\u0131 sa\u011flayan yang\u0131na dayan\u0131kl\u0131 kompozit bir tasar\u0131m malzemesi<\/div>\n<div class=\"content-box-shortcode-timeline-vertical\"><\/div>\n<\/div>\n<\/div>\n<div class=\"fusion-column content-box-column content-box-column content-box-column-4 col-lg-12 col-md-12 col-sm-12 fusion-content-box-hover  content-box-column-last-in-row fusion-appear\">\n<div class=\"col content-box-wrapper content-wrapper link-area-box icon-hover-animation-slide fusion-animated fadeIn\" data-animationtype=\"fadeIn\" data-animationduration=\"0.25\" data-animationoffset=\"100%\">\n<div class=\"heading heading-with-icon icon-left\">\n<div class=\"icon\"><\/div>\n<h3 class=\"content-box-heading\" data-inline-fontsize=\"true\" data-inline-lineheight=\"true\" data-fontsize=\"20\" data-lineheight=\"25\">DAYANIKLILIKTA YEN\u0130 B\u0130R BAKI\u015e A\u00c7ISI<\/h3>\n<\/div>\n<div class=\"fusion-clearfix\"><\/div>\n<div class=\"content-container\">Sekt\u00f6r standard\u0131 yang\u0131na dayan\u0131kl\u0131 plakalara g\u00f6re %10 oranda hafifle\u015ftirilmesine ra\u011fmen boyutsal kararl\u0131l\u0131k ve geli\u015fmi\u015f sarkma direncine sahip<\/div>\n<div class=\"content-box-shortcode-timeline-vertical\"><\/div>\n<\/div>\n<\/div>\n<div class=\"fusion-column content-box-column content-box-column content-box-column-5 col-lg-12 col-md-12 col-sm-12 fusion-content-box-hover  content-box-column-last-in-row fusion-appear\">\n<div class=\"col content-box-wrapper content-wrapper link-area-box icon-hover-animation-slide fusion-animated fadeIn\" data-animationtype=\"fadeIn\" data-animationduration=\"0.25\" data-animationoffset=\"100%\">\n<div class=\"heading heading-with-icon icon-left\">\n<div class=\"icon\"><\/div>\n<h3 class=\"content-box-heading\" data-inline-fontsize=\"true\" data-inline-lineheight=\"true\" data-fontsize=\"20\" data-lineheight=\"25\">HAREKETE UYUMDA YEN\u0130 B\u0130R BAKI\u015e A\u00c7ISI<\/h3>\n<\/div>\n<div class=\"fusion-clearfix\"><\/div>\n<div class=\"content-container\">Esnekli\u011fi sayesinde harekete uyumlanabilir, her tasar\u0131mda rahatl\u0131kla uygulanabilir, daha d\u00fczg\u00fcn ve kolay kesilebilir<\/div>\n<div class=\"content-box-shortcode-timeline-vertical\"><\/div>\n<\/div>\n<\/div>\n<div class=\"fusion-column content-box-column content-box-column content-box-column-6 col-lg-12 col-md-12 col-sm-12 fusion-content-box-hover  content-box-column-last content-box-column-last-in-row fusion-appear\">\n<div class=\"col content-box-wrapper content-wrapper link-area-box icon-hover-animation-slide fusion-animated fadeIn\" data-animationtype=\"fadeIn\" data-animationduration=\"0.25\" data-animationoffset=\"100%\">\n<div class=\"heading heading-with-icon icon-left\">\n<div class=\"icon\"><\/div>\n<h3 class=\"content-box-heading\" data-inline-fontsize=\"true\" data-inline-lineheight=\"true\" data-fontsize=\"20\" data-lineheight=\"25\">\u00dcRET\u0130M TEKNOLOJ\u0130S\u0130NDE YEN\u0130 B\u0130R BAKI\u015e A\u00c7ISI<\/h3>\n<\/div>\n<div class=\"fusion-clearfix\"><\/div>\n<div class=\"content-container\">Farkl\u0131 \u00fcretim teknolojisiyle elde edilen \u00f6zel jips-mix ile \u00fcretim<\/div>\n<\/div>\n<\/div>\n<div class=\"fusion-clearfix\"><\/div>\n<\/div>\n<div class=\"fusion-clearfix\"><\/div>\n<\/div>\n<\/div>\n<\/div>\n<\/div>\n<div class=\"fusion-fullwidth fullwidth-box nonhundred-percent-fullwidth non-hundred-percent-height-scrolling\">\n<div class=\"fusion-builder-row fusion-row \">\n<div class=\"fusion-layout-column fusion_builder_column fusion_builder_column_1_5 fusion-builder-column-7 fusion-one-fifth fusion-column-first 1_5\">\n<div class=\"fusion-column-wrapper\" data-bg-url=\"\">\n<div class=\"fusion-clearfix\"><\/div>\n<\/div>\n<\/div>\n<div class=\"fusion-layout-column fusion_builder_column fusion_builder_column_4_5 fusion-builder-column-8 fusion-four-fifth fusion-column-last 4_5\">\n<div class=\"fusion-column-wrapper\" data-bg-url=\"\">\n<div class=\"fusion-title title fusion-title-1 sep-underline sep-solid fusion-title-size-two fusion-border-below-title\">\n<h2 class=\"title-heading-left\" data-fontsize=\"34\" data-lineheight=\"50\">Intreme WRFR\u2019nin Avantajlar\u0131<\/h2>\n<\/div>\n<div class=\"fusion-text\">\n<p>Yap\u0131 g\u00fcvenli\u011fi i\u00e7in yang\u0131n dayan\u0131m\u0131 istenen i\u00e7 mekanlara \u00f6zel yap\u0131 malzemesidir<br \/>\nBinan\u0131n y\u00fck\u00fcn\u00fc hafifletmek i\u00e7in farkl\u0131 tip plaka kullanmaya gerek kalmaz<br \/>\nDaha d\u00fczg\u00fcn ve kolay kesilir, daha h\u0131zl\u0131 ve kolay montaj ile zaman tasarrufu sa\u011flar<br \/>\nHarekete uyumlanma \u00f6zelli\u011fine sahiptir<br \/>\nDaha hafif olmas\u0131na ra\u011fmen standart WRFR plakayla ayn\u0131 k\u0131r\u0131lma direnci ve geli\u015fmi\u015f sarkma direnci g\u00f6sterir<\/p>\n<\/div>\n<div class=\"fusion-title title fusion-title-2 sep-underline sep-solid fusion-title-size-two fusion-border-below-title\">\n<h2 class=\"title-heading-left\" data-fontsize=\"34\" data-lineheight=\"50\">Teknik \u00d6zellikler<\/h2>\n<\/div>\n<div class=\"table-1\">\n<table width=\"100%\">\n<thead>\n<tr>\n<td align=\"left\">Standart<\/td>\n<td align=\"left\">TS EN 520 + A1<\/td>\n<\/tr>\n<\/thead>\n<tbody>\n<tr>\n<td align=\"left\">Tipi<\/td>\n<td align=\"left\">TIP FH\u2019<\/td>\n<\/tr>\n<tr>\n<td align=\"left\">Yang\u0131na Tepki S\u0131n\u0131f\u0131<\/td>\n<td align=\"left\">A2, s1 \u2013 d0<\/td>\n<\/tr>\n<tr>\n<td align=\"left\">Su buhar\u0131 ge\u00e7i\u015fine diren\u00e7 katsay\u0131s\u0131 (\u00b5)<\/td>\n<td align=\"left\">10<\/td>\n<\/tr>\n<tr>\n<td align=\"left\">Su Emme Oran\u0131 (A\u011f\u0131rl\u0131k\u00e7a)<\/td>\n<td align=\"left\">\u2264%10 (TS EN 520 +A1\u2019e g\u00f6re H2)<br \/>\n\u2264%5 (TS EN 520 +A1\u2019e g\u00f6re H1)<\/td>\n<\/tr>\n<tr>\n<td align=\"left\">Is\u0131l iletkenlik de\u011feri (\u019b)<\/td>\n<td align=\"left\">0,25 W\/(m\u2219K)<\/td>\n<\/tr>\n<tr>\n<td align=\"left\">Uzunluk (mm)<\/td>\n<td align=\"left\">2000 \u2013 3600 mm<\/td>\n<\/tr>\n<tr>\n<td align=\"left\">Yo\u011funluk<\/td>\n<td align=\"left\">720 \u00b1 40 kg\/m\u00b3<\/td>\n<\/tr>\n<tr>\n<td align=\"left\">A\u011f\u0131rl\u0131k<\/td>\n<td align=\"left\">9,0 \u00b1 0,5 kg\/m\u00b2<\/td>\n<\/tr>\n<tr>\n<td align=\"left\">Dik Mukavemet<\/td>\n<td align=\"left\">\u2265 550 N<\/td>\n<\/tr>\n<tr>\n<td align=\"left\">Paralel Mukavemet<\/td>\n<td align=\"left\">\u2265 210 N<\/td>\n<\/tr>\n<tr>\n<td align=\"left\">\u00c7ekirdek Dayan\u0131m\u0131 (dakika)<\/td>\n<td align=\"left\">15 dakika<\/td>\n<\/tr>\n<tr>\n<td align=\"left\">Kenar Tipi<\/td>\n<td align=\"left\">\u0130K (\u0130nceltilmi\u015f Kenar)<br \/>\nKK (K\u00fct Kenar)<\/td>\n<\/tr>\n<\/tbody>\n<\/table>\n<\/div>\n<\/div>\n<\/div>\n<\/div>\n<\/div>\n","protected":false},"excerpt":{"rendered":"<h3 data-fontsize=\"24\" data-lineheight=\"33\">T\u00fcrkiye\u2019nin ilk ve tek 9 kg\/m2 suya dayan\u0131kl\u0131 yanma diren\u00e7li hafif i\u00e7 mekan al\u00e7\u0131 plakas\u0131<\/h3>\n","protected":false},"featured_media":203,"comment_status":"closed","ping_status":"closed","template":"","meta":[],"product_brand":[],"product_cat":[17,37],"product_tag":[21,38],"class_list":{"0":"post-202","1":"product","2":"type-product","3":"status-publish","4":"has-post-thumbnail","6":"product_cat-abs-alci","7":"product_cat-alci-plaka","8":"product_tag-alci","9":"product_tag-plaka","11":"first","12":"instock","13":"taxable","14":"shipping-taxable","15":"product-type-simple"},"_links":{"self":[{"href":"http:\/\/gonenyapi.com.tr\/index.php\/wp-json\/wp\/v2\/product\/202","targetHints":{"allow":["GET"]}}],"collection":[{"href":"http:\/\/gonenyapi.com.tr\/index.php\/wp-json\/wp\/v2\/product"}],"about":[{"href":"http:\/\/gonenyapi.com.tr\/index.php\/wp-json\/wp\/v2\/types\/product"}],"replies":[{"embeddable":true,"href":"http:\/\/gonenyapi.com.tr\/index.php\/wp-json\/wp\/v2\/comments?post=202"}],"wp:featuredmedia":[{"embeddable":true,"href":"http:\/\/gonenyapi.com.tr\/index.php\/wp-json\/wp\/v2\/media\/203"}],"wp:attachment":[{"href":"http:\/\/gonenyapi.com.tr\/index.php\/wp-json\/wp\/v2\/media?parent=202"}],"wp:term":[{"taxonomy":"product_brand","embeddable":true,"href":"http:\/\/gonenyapi.com.tr\/index.php\/wp-json\/wp\/v2\/product_brand?post=202"},{"taxonomy":"product_cat","embeddable":true,"href":"http:\/\/gonenyapi.com.tr\/index.php\/wp-json\/wp\/v2\/product_cat?post=202"},{"taxonomy":"product_tag","embeddable":true,"href":"http:\/\/gonenyapi.com.tr\/index.php\/wp-json\/wp\/v2\/product_tag?post=202"}],"curies":[{"name":"wp","href":"https:\/\/api.w.org\/{rel}","templated":true}]}}