{"id":176,"date":"2020-09-19T17:43:06","date_gmt":"2020-09-19T17:43:06","guid":{"rendered":"http:\/\/gonenyapi.com.tr\/?post_type=product&#038;p=176"},"modified":"2020-09-28T17:51:07","modified_gmt":"2020-09-28T14:51:07","slug":"m110-yangin-tutucu-makine-sivasi","status":"publish","type":"product","link":"http:\/\/gonenyapi.com.tr\/index.php\/urun\/m110-yangin-tutucu-makine-sivasi\/","title":{"rendered":"M110 Yang\u0131n Tutucu Makine S\u0131vas\u0131"},"content":{"rendered":"<div class=\"fusion-fullwidth fullwidth-box nonhundred-percent-fullwidth non-hundred-percent-height-scrolling\">\n<div class=\"fusion-builder-row fusion-row \">\n<div class=\"fusion-layout-column fusion_builder_column fusion_builder_column_4_5 fusion-builder-column-2 fusion-four-fifth fusion-column-last 4_5\">\n<div class=\"fusion-column-wrapper\" data-bg-url=\"\">\n<p><span class=\"fusion-imageframe imageframe-none imageframe-1 hover-type-none\"><img decoding=\"async\" class=\"img-responsive wp-image-14749\" title=\"m110-web\" src=\"http:\/\/www.absalci.com.tr\/wp-content\/uploads\/2020\/05\/m110-web.jpg\" sizes=\"(max-width: 1000px) 100vw, 1000px\" srcset=\"https:\/\/www.absalci.com.tr\/wp-content\/uploads\/2020\/05\/m110-web-200x200.jpg 200w, https:\/\/www.absalci.com.tr\/wp-content\/uploads\/2020\/05\/m110-web-400x400.jpg 400w, https:\/\/www.absalci.com.tr\/wp-content\/uploads\/2020\/05\/m110-web-600x600.jpg 600w, https:\/\/www.absalci.com.tr\/wp-content\/uploads\/2020\/05\/m110-web-800x800.jpg 800w, https:\/\/www.absalci.com.tr\/wp-content\/uploads\/2020\/05\/m110-web.jpg 1000w\" alt=\"\" width=\"\" height=\"\" \/><\/span><\/p>\n<div class=\"fusion-clearfix\"><\/div>\n<\/div>\n<\/div>\n<\/div>\n<\/div>\n<div class=\"fusion-fullwidth fullwidth-box nonhundred-percent-fullwidth non-hundred-percent-height-scrolling\">\n<div class=\"fusion-builder-row fusion-row \">\n<div class=\"fusion-layout-column fusion_builder_column fusion_builder_column_1_5 fusion-builder-column-3 fusion-one-fifth fusion-column-first 1_5\">\n<div class=\"fusion-column-wrapper\" data-bg-url=\"\">\n<div class=\"fusion-clearfix\"><\/div>\n<\/div>\n<\/div>\n<div class=\"fusion-layout-column fusion_builder_column fusion_builder_column_4_5 fusion-builder-column-4 fusion-four-fifth fusion-column-last 4_5\">\n<div class=\"fusion-column-wrapper\" data-bg-url=\"\">\n<div class=\"fusion-title title fusion-title-1 sep-underline sep-solid fusion-title-size-two fusion-border-below-title\">\n<h2 class=\"title-heading-left\" data-fontsize=\"34\" data-lineheight=\"50\">Kullan\u0131m Alanlar\u0131<\/h2>\n<\/div>\n<div class=\"fusion-text\">\n<p>\u0130\u00e7 mek\u00e2nlarda beton, br\u00fct beton, tu\u011fla, bims blok, gaz beton vb. y\u00fczeylerde kullan\u0131l\u0131r.<\/p>\n<\/div>\n<div class=\"fusion-title title fusion-title-2 sep-underline sep-solid fusion-title-size-two fusion-border-below-title\">\n<h2 class=\"title-heading-left\" data-fontsize=\"34\" data-lineheight=\"50\">Uygulama<\/h2>\n<\/div>\n<div class=\"fusion-text\">\n<ul>\n<li>Uygulama \u00f6ncesinde uygulama y\u00fczeyi toz ve tutunmay\u0131 engelleyen maddelerden ar\u0131nd\u0131r\u0131lmal\u0131d\u0131r.<\/li>\n<li>\u00c7ok kuru ve emici y\u00fczeyler uygulama \u00f6ncesi \u0131slat\u0131lmal\u0131d\u0131r.<\/li>\n<li>Br\u00fct beton y\u00fczeyler s\u0131va uygulamas\u0131 \u00f6ncesinde p\u00fcr\u00fczlendirilmeli veya (ABS Br\u00fct Beton Astar\u0131) ile 24 saat \u00f6ncesinde astarlanmal\u0131d\u0131r.<\/li>\n<li>Uygulama y\u00fczeyine yakla\u015f\u0131k 150-200 cm aral\u0131klarla ano \u00e7\u0131talar\u0131 ve d\u0131\u015f k\u00f6\u015felere s\u0131va profilleri yap\u0131\u015ft\u0131r\u0131l\u0131r.<\/li>\n<li>ABS M110, s\u0131va makinesi ile kar\u0131\u015ft\u0131r\u0131ld\u0131ktan sonra anolar\u0131n aras\u0131na p\u00fcsk\u00fcrt\u00fcl\u00fcr.<\/li>\n<li>P\u00fcsk\u00fcrtmenin ard\u0131ndan mastar ile y\u00fczey d\u00fczeltilir.<\/li>\n<li>\u0130lk mastardan yakla\u015f\u0131k 15-20 dk. sonra ikinci mastar yap\u0131l\u0131r.<\/li>\n<li>Uygulamaya ba\u015flad\u0131ktan 50-70 dk. sonra y\u00fczeye su p\u00fcsk\u00fcrt\u00fcl\u00fcr ve kau\u00e7uk mala ile y\u00fczey tirfillenir.<\/li>\n<li>Yakla\u015f\u0131k 10 dakika kadar sonra, \u00e7elik mala ile y\u00fczey parlat\u0131l\u0131r.<\/li>\n<li>\u0130lk maladan yakla\u015f\u0131k 60 dk. kadar sonra ikinci mala uygulamas\u0131 yap\u0131larak sert, s\u0131rl\u0131 ve parlak bir y\u00fczey elde edilir.<\/li>\n<\/ul>\n<\/div>\n<div class=\"fusion-title title fusion-title-3 sep-underline sep-solid fusion-title-size-two fusion-border-below-title\">\n<h2 class=\"title-heading-left\" data-fontsize=\"34\" data-lineheight=\"50\">Teknik \u00d6zellikler<\/h2>\n<\/div>\n<div class=\"table-1\">\n<table width=\"100%\">\n<tbody>\n<tr>\n<td align=\"left\">Su \/ Al\u00e7\u0131 oran\u0131<\/td>\n<td align=\"left\">6,5-7,5 lt suya 10 kg M110<\/td>\n<\/tr>\n<tr>\n<td align=\"left\">Priz ba\u015flang\u0131\u00e7 s\u00fcresi<\/td>\n<td align=\"left\">&gt;50 dakika (TS EN 13279-1\u2019e g\u00f6re)<\/td>\n<\/tr>\n<tr>\n<td align=\"left\">Donma sonu<\/td>\n<td align=\"left\">220-250 dakika<\/td>\n<\/tr>\n<tr>\n<td align=\"left\">T\u00fcketim miktar\u0131<\/td>\n<td align=\"left\">Her 1 cm kal\u0131nl\u0131kta 7 \u2013 7,8 kg \/ m2<\/td>\n<\/tr>\n<tr>\n<td align=\"left\">Bas\u0131n\u00e7 dayan\u0131m\u0131 (en az)<\/td>\n<td align=\"left\">\u226520 kgf\/cm\u00b2 (4\u00d74 blok)<\/td>\n<\/tr>\n<tr>\n<td align=\"left\">E\u011filmede k\u0131r\u0131lma dayan\u0131m\u0131 (en az)<\/td>\n<td align=\"left\">\u226510 kgf\/cm\u00b2 (4x4x16 blok)<\/td>\n<\/tr>\n<tr>\n<td align=\"left\">1500 mikron elekten ge\u00e7en<\/td>\n<td align=\"left\">%100<\/td>\n<\/tr>\n<tr>\n<td align=\"left\">250 mikron elekten ge\u00e7en (en az)<\/td>\n<td align=\"left\">%77<\/td>\n<\/tr>\n<tr>\n<td align=\"left\">Gev\u015fek birim hacim a\u011f\u0131rl\u0131\u011f\u0131 (toz)<\/td>\n<td align=\"left\">650 \u2013 700 kg \/ m\u00b3<\/td>\n<\/tr>\n<tr>\n<td align=\"left\">Kuru birim hacim a\u011f\u0131rl\u0131\u011f\u0131<\/td>\n<td align=\"left\">800-850 kg\/m\u00b3<\/td>\n<\/tr>\n<tr>\n<td align=\"left\">Is\u0131l iletkenlik de\u011feri<\/td>\n<td align=\"left\">0,43 W\/mK<\/td>\n<\/tr>\n<tr>\n<td align=\"left\">Yang\u0131na tepki<\/td>\n<td align=\"left\">A1<\/td>\n<\/tr>\n<tr>\n<td align=\"left\">Sahip oldu\u011fu standart<\/td>\n<td align=\"left\">TS EN 13279-1 \/ TS EN 13279-2<\/td>\n<\/tr>\n<tr>\n<td align=\"left\">Tipi<\/td>\n<td align=\"left\">B4\/50\/2 Bina \u0130\u00e7in Hafif S\u0131va Al\u00e7\u0131s\u0131 (P\u00fcsk\u00fcrtme)<\/td>\n<\/tr>\n<tr>\n<td align=\"left\">Ambalaj Tipi<\/td>\n<td align=\"left\">Polipropilen torba<\/td>\n<\/tr>\n<tr>\n<td align=\"left\">Net a\u011f\u0131rl\u0131k<\/td>\n<td align=\"left\">20 kg \u00b1 %2<\/td>\n<\/tr>\n<\/tbody>\n<\/table>\n<\/div>\n<div class=\"fusion-clearfix\"><\/div>\n<\/div>\n<\/div>\n<\/div>\n<\/div>\n<div class=\"fusion-fullwidth fullwidth-box nonhundred-percent-fullwidth non-hundred-percent-height-scrolling\">\n<div class=\"fusion-builder-row fusion-row \">\n<div class=\"fusion-layout-column fusion_builder_column fusion_builder_column_1_5 fusion-builder-column-5 fusion-one-fifth fusion-column-first 1_5\">\n<div class=\"fusion-column-wrapper\" data-bg-url=\"\">\n<div class=\"fusion-clearfix\"><\/div>\n<\/div>\n<\/div>\n<div class=\"fusion-layout-column fusion_builder_column fusion_builder_column_4_5 fusion-builder-column-6 fusion-four-fifth fusion-column-last 4_5\">\n<div class=\"fusion-column-wrapper\" data-bg-url=\"\">\n<div class=\"fusion-title title fusion-title-4 sep-underline sep-solid fusion-title-size-two fusion-border-below-title\">\n<h2 class=\"title-heading-left\" data-fontsize=\"34\" data-lineheight=\"50\">Uyar\u0131 ve \u00d6neriler<\/h2>\n<\/div>\n<div class=\"fusion-text\">\n<ul>\n<li>ABS M110\u2019u ba\u015fka hi\u00e7bir \u00fcr\u00fcn veya malzeme ile kar\u0131\u015ft\u0131rmay\u0131n\u0131z.<\/li>\n<li>Uygulama kal\u0131nl\u0131\u011f\u0131 tek katta duvarda 8-30 mm, tavanda 8-15 mm aras\u0131nda olmal\u0131d\u0131r.<\/li>\n<li>Uygulama yap\u0131lan ortamlar\u0131n s\u0131cakl\u0131\u011f\u0131 en az +5 \u00b0C, en \u00e7ok<span class=\"Apple-converted-space\">\u00a0 <\/span>+35 \u00b0C olmal\u0131d\u0131r.<\/li>\n<li>S\u0131va makinesi ve kullan\u0131lan aletler temiz olmal\u0131d\u0131r.<\/li>\n<li>Farkl\u0131 tip yap\u0131 malzemelerinin birle\u015fim yerlerinde s\u0131va filesi kullan\u0131lmal\u0131d\u0131r.<\/li>\n<\/ul>\n<\/div>\n<\/div>\n<\/div>\n<\/div>\n<\/div>\n","protected":false},"excerpt":{"rendered":"<div class=\"fusion-text\">\n<p>\u0130\u00e7 mek\u00e2nlarda beton, br\u00fct beton, tu\u011fla, bims blok, gaz beton vb. y\u00fczeylerde kullan\u0131l\u0131r.<\/p>\n<\/div>\n","protected":false},"featured_media":177,"comment_status":"closed","ping_status":"closed","template":"","meta":[],"product_brand":[],"product_cat":[17,18],"product_tag":[19,21,22,25,26,20,24,23],"class_list":{"0":"post-176","1":"product","2":"type-product","3":"status-publish","4":"has-post-thumbnail","6":"product_cat-abs-alci","7":"product_cat-toz-alci","8":"product_tag-abs","9":"product_tag-alci","10":"product_tag-m110","11":"product_tag-makine","12":"product_tag-sivasi","13":"product_tag-toz","14":"product_tag-tutucu","15":"product_tag-yangin","17":"first","18":"instock","19":"taxable","20":"shipping-taxable","21":"purchasable","22":"product-type-simple"},"_links":{"self":[{"href":"http:\/\/gonenyapi.com.tr\/index.php\/wp-json\/wp\/v2\/product\/176","targetHints":{"allow":["GET"]}}],"collection":[{"href":"http:\/\/gonenyapi.com.tr\/index.php\/wp-json\/wp\/v2\/product"}],"about":[{"href":"http:\/\/gonenyapi.com.tr\/index.php\/wp-json\/wp\/v2\/types\/product"}],"replies":[{"embeddable":true,"href":"http:\/\/gonenyapi.com.tr\/index.php\/wp-json\/wp\/v2\/comments?post=176"}],"wp:featuredmedia":[{"embeddable":true,"href":"http:\/\/gonenyapi.com.tr\/index.php\/wp-json\/wp\/v2\/media\/177"}],"wp:attachment":[{"href":"http:\/\/gonenyapi.com.tr\/index.php\/wp-json\/wp\/v2\/media?parent=176"}],"wp:term":[{"taxonomy":"product_brand","embeddable":true,"href":"http:\/\/gonenyapi.com.tr\/index.php\/wp-json\/wp\/v2\/product_brand?post=176"},{"taxonomy":"product_cat","embeddable":true,"href":"http:\/\/gonenyapi.com.tr\/index.php\/wp-json\/wp\/v2\/product_cat?post=176"},{"taxonomy":"product_tag","embeddable":true,"href":"http:\/\/gonenyapi.com.tr\/index.php\/wp-json\/wp\/v2\/product_tag?post=176"}],"curies":[{"name":"wp","href":"https:\/\/api.w.org\/{rel}","templated":true}]}}