{"id":1193,"date":"2020-10-07T23:28:41","date_gmt":"2020-10-07T20:28:41","guid":{"rendered":"http:\/\/gonenyapi.com.tr\/?post_type=product&#038;p=1193"},"modified":"2020-10-07T23:28:41","modified_gmt":"2020-10-07T20:28:41","slug":"akdeniz-cift-su-kanali","status":"publish","type":"product","link":"http:\/\/gonenyapi.com.tr\/index.php\/urun\/akdeniz-cift-su-kanali\/","title":{"rendered":"Akdeniz\/ \u00c7ift Su Kanal\u0131"},"content":{"rendered":"<ul class=\"teknik\">\n<li>Boyut: 235&#215;415 mm<\/li>\n<li>A\u011f\u0131rl\u0131k: 235&#215;415 mm<\/li>\n<li>Kaplama: 235&#215;415 mm<\/li>\n<\/ul>\n<ul class=\"urunic\">\n<li><a href=\"http:\/\/www.akgunkiremit.com\/\/img\/urun\/b\/akdeniz.jpg\" rel=\"prettyPhoto\"> <img decoding=\"async\" class=\"uresim\" src=\"http:\/\/www.akgunkiremit.com\/\/img\/urun\/akdeniz.jpg\"><\/a><\/li>\n<li>Marsilya tipi kiremitlerle ayn\u0131 \u00f6zellikleri ta\u015f\u0131maktad\u0131r. Marsilya tipi kiremitlerden ayr\u0131lan en \u00f6nemli \u00f6zellikleri ise; daha y\u00fcksek su tahliye su kapasitesine sahip olmas\u0131 ve \u00e7ift kanall\u0131 kilit sistemi ile birbirine daha iyi kilitlenmesidir.\n<p>Akg\u00fcn kiremit&#8217;in Eski\u015fehir&#8217;deki kendi hammadde sahalar\u0131ndan elde etti\u011fi kiremit topra\u011f\u0131n y\u00fcksek kalitesi ve TSE-EN 1304 standartlar\u0131nda \u00fcretilen Akdeniz tipi kiremitler, kendine \u00f6zg\u00fc rengiyle de \u00e7at\u0131lar\u0131n ideal kaplama malzemesidir.<\/li>\n<\/ul>\n","protected":false},"excerpt":{"rendered":"<p>Marsilya tipi kiremitlerle ayn\u0131 \u00f6zellikleri ta\u015f\u0131maktad\u0131r.<\/p>\n","protected":false},"featured_media":1195,"comment_status":"closed","ping_status":"closed","template":"","meta":[],"product_brand":[],"product_cat":[198],"product_tag":[],"class_list":{"0":"post-1193","1":"product","2":"type-product","3":"status-publish","4":"has-post-thumbnail","6":"product_cat-akgun-kiremit","8":"first","9":"instock","10":"taxable","11":"shipping-taxable","12":"product-type-simple"},"_links":{"self":[{"href":"http:\/\/gonenyapi.com.tr\/index.php\/wp-json\/wp\/v2\/product\/1193","targetHints":{"allow":["GET"]}}],"collection":[{"href":"http:\/\/gonenyapi.com.tr\/index.php\/wp-json\/wp\/v2\/product"}],"about":[{"href":"http:\/\/gonenyapi.com.tr\/index.php\/wp-json\/wp\/v2\/types\/product"}],"replies":[{"embeddable":true,"href":"http:\/\/gonenyapi.com.tr\/index.php\/wp-json\/wp\/v2\/comments?post=1193"}],"wp:featuredmedia":[{"embeddable":true,"href":"http:\/\/gonenyapi.com.tr\/index.php\/wp-json\/wp\/v2\/media\/1195"}],"wp:attachment":[{"href":"http:\/\/gonenyapi.com.tr\/index.php\/wp-json\/wp\/v2\/media?parent=1193"}],"wp:term":[{"taxonomy":"product_brand","embeddable":true,"href":"http:\/\/gonenyapi.com.tr\/index.php\/wp-json\/wp\/v2\/product_brand?post=1193"},{"taxonomy":"product_cat","embeddable":true,"href":"http:\/\/gonenyapi.com.tr\/index.php\/wp-json\/wp\/v2\/product_cat?post=1193"},{"taxonomy":"product_tag","embeddable":true,"href":"http:\/\/gonenyapi.com.tr\/index.php\/wp-json\/wp\/v2\/product_tag?post=1193"}],"curies":[{"name":"wp","href":"https:\/\/api.w.org\/{rel}","templated":true}]}}