{"id":1189,"date":"2020-10-07T23:22:10","date_gmt":"2020-10-07T20:22:10","guid":{"rendered":"http:\/\/gonenyapi.com.tr\/?post_type=product&#038;p=1189"},"modified":"2020-10-07T23:22:10","modified_gmt":"2020-10-07T20:22:10","slug":"ozel-boyalar-anti-fire-yanmaz-boya","status":"publish","type":"product","link":"http:\/\/gonenyapi.com.tr\/index.php\/urun\/ozel-boyalar-anti-fire-yanmaz-boya\/","title":{"rendered":"\u00d6zel Boyalar \/ Anti-Fire Yanmaz Boya"},"content":{"rendered":"<h2>Anti-Fire<\/h2>\n<h4>Tan\u0131m\u0131<\/h4>\n<p>Sentetik esasl\u0131, yanmaya diren\u00e7li, mat i\u00e7 cephe duvar ve ah\u015fap boyas\u0131d\u0131r.<\/p>\n<h4>Kullan\u0131m Alanlar\u0131<\/h4>\n<ul>\n<li class=\"item_1\">Binalar\u0131n i\u00e7 k\u0131s\u0131mlar\u0131nda her t\u00fcrl\u00fc duvar ve ah\u015fap y\u00fczeylerde.<\/li>\n<li class=\"item_2\">\u00d6zellikle hastane, okul, havaalan\u0131 gibi yang\u0131n riskinin y\u00fcksek oldu\u011fu yerlerde uygun astarlar ile kullan\u0131l\u0131r.<\/li>\n<\/ul>\n<h4>Avantajlar\u0131<\/h4>\n<ul>\n<li class=\"item_1\">Uyguland\u0131\u011f\u0131 y\u00fczeye uyum sa\u011flayarak \u00e7atlama, d\u00f6k\u00fclme, kabarma yapmaz.<\/li>\n<li class=\"item_2\">Yang\u0131n an\u0131nda <strong>ANTI-FIRE Yanmaz Boya<\/strong>, yang\u0131n ve y\u00fczey aras\u0131nda termal bariyer g\u00f6revi g\u00f6r\u00fcr.<\/li>\n<li class=\"item_3\">Malzemenin yanma s\u00fcresini uzat\u0131r.<\/li>\n<\/ul>\n<h4>Y\u00fczey Haz\u0131rl\u0131\u011f\u0131<\/h4>\n<p>Uygulama yap\u0131lacak y\u00fczeyler nem, kir, pas ve eski boya kal\u0131nt\u0131lar\u0131ndan tamamen temizlenmeli ve z\u0131mparalanmal\u0131d\u0131r.<\/p>\n<h4>Uygulama<\/h4>\n<p>Kullan\u0131ma haz\u0131rd\u0131r, inceltmeye gerek duymaz. Katlar halinde uygulanmal\u0131d\u0131r. Katlar aras\u0131nda en az 2 saat beklenmelidir. Uygulama yap\u0131lacak y\u00fczeylerin s\u0131cakl\u0131\u011f\u0131 +5\u00b0C&#8217;nin \u00fczerinde olmal\u0131d\u0131r.<\/p>\n<h4>Sarfiyat<\/h4>\n<p>100 &#8211; 200 \u00b5 kuru film kal\u0131nl\u0131\u011f\u0131 elde edebilmek i\u00e7in 1 lt ile 3 &#8211; 3,5 m\u00b2 alan boyan\u0131r.<\/p>\n<h4>Ambalaj<\/h4>\n<p>15 L\u2019lik metal teneke<\/p>\n<h4>Depolama \u015eekli ve S\u00fcresi<\/h4>\n<p>Direkt g\u00fcne\u015f \u0131\u015f\u0131\u011f\u0131 almayan +5\u00b0C ile +35\u00b0C s\u0131cakl\u0131k aras\u0131ndaki ortamlarda, a\u00e7\u0131lmam\u0131\u015f orijinal ambalajlar\u0131nda 1 y\u0131l depolanabilir. A\u015f\u0131r\u0131 s\u0131cakl\u0131k ve nemden korunmal\u0131d\u0131r.<\/p>\n","protected":false},"excerpt":{"rendered":"<p>Sentetik esasl\u0131, yanmaya diren\u00e7li, mat i\u00e7 cephe duvar ve ah\u015fap boyas\u0131d\u0131r.<\/p>\n","protected":false},"featured_media":1190,"comment_status":"closed","ping_status":"closed","template":"","meta":[],"product_brand":[],"product_cat":[197],"product_tag":[],"class_list":{"0":"post-1189","1":"product","2":"type-product","3":"status-publish","4":"has-post-thumbnail","6":"product_cat-boya-ve-kaplama-grubu","8":"first","9":"instock","10":"taxable","11":"shipping-taxable","12":"product-type-simple"},"_links":{"self":[{"href":"http:\/\/gonenyapi.com.tr\/index.php\/wp-json\/wp\/v2\/product\/1189","targetHints":{"allow":["GET"]}}],"collection":[{"href":"http:\/\/gonenyapi.com.tr\/index.php\/wp-json\/wp\/v2\/product"}],"about":[{"href":"http:\/\/gonenyapi.com.tr\/index.php\/wp-json\/wp\/v2\/types\/product"}],"replies":[{"embeddable":true,"href":"http:\/\/gonenyapi.com.tr\/index.php\/wp-json\/wp\/v2\/comments?post=1189"}],"wp:featuredmedia":[{"embeddable":true,"href":"http:\/\/gonenyapi.com.tr\/index.php\/wp-json\/wp\/v2\/media\/1190"}],"wp:attachment":[{"href":"http:\/\/gonenyapi.com.tr\/index.php\/wp-json\/wp\/v2\/media?parent=1189"}],"wp:term":[{"taxonomy":"product_brand","embeddable":true,"href":"http:\/\/gonenyapi.com.tr\/index.php\/wp-json\/wp\/v2\/product_brand?post=1189"},{"taxonomy":"product_cat","embeddable":true,"href":"http:\/\/gonenyapi.com.tr\/index.php\/wp-json\/wp\/v2\/product_cat?post=1189"},{"taxonomy":"product_tag","embeddable":true,"href":"http:\/\/gonenyapi.com.tr\/index.php\/wp-json\/wp\/v2\/product_tag?post=1189"}],"curies":[{"name":"wp","href":"https:\/\/api.w.org\/{rel}","templated":true}]}}