{"id":1185,"date":"2020-10-07T23:16:19","date_gmt":"2020-10-07T20:16:19","guid":{"rendered":"http:\/\/gonenyapi.com.tr\/?post_type=product&#038;p=1185"},"modified":"2020-10-07T23:16:19","modified_gmt":"2020-10-07T20:16:19","slug":"ic-cephe-boyalari-interco-silikonlu-mat","status":"publish","type":"product","link":"http:\/\/gonenyapi.com.tr\/index.php\/urun\/ic-cephe-boyalari-interco-silikonlu-mat\/","title":{"rendered":"\u0130\u00e7 cephe Boyalar\u0131 \/ Interco Silikonlu Mat"},"content":{"rendered":"<h2>Interco<\/h2>\n<h4>Tan\u0131m\u0131<\/h4>\n<p>Su bazl\u0131, silikon katk\u0131l\u0131, silinebilir, i\u00e7 cephe mat dekoratif son kat boyas\u0131.<\/p>\n<h4>Kullan\u0131m Alanlar\u0131&nbsp;<\/h4>\n<p>T\u00fcm yap\u0131lar\u0131n i\u00e7 cephelerinde dekoratif ama\u00e7la kullan\u0131labilir.<\/p>\n<h4>Avantajlar\u0131<\/h4>\n<ul>\n<li class=\"item_1\">Y\u00fcksek ovalama ve silinme \u00f6zelli\u011fine sahiptir.<\/li>\n<li class=\"item_2\">Y\u00fczeylere, mat ve p\u00fcr\u00fczs\u00fcz bir g\u00f6r\u00fcn\u00fcm kazand\u0131r\u0131r.<\/li>\n<li class=\"item_3\">Y\u00fcksek teneff\u00fcs kabiliyetine sahiptir.<\/li>\n<li class=\"item_4\">Uyguland\u0131\u011f\u0131 y\u00fczeyle m\u00fckemmel bir b\u00fct\u00fcnle\u015fme sa\u011flayarak; \u00e7atlama, kabarma ve d\u00f6k\u00fclme yapmaz.<\/li>\n<li class=\"item_5\">Kaliteli pigment yap\u0131s\u0131 sayesinde renkleri solmaz, m\u00fckemmel beyazl\u0131\u011fa ve \u00f6rt\u00fcc\u00fcl\u00fc\u011fe sahiptir.<\/li>\n<li class=\"item_6\">Uygulama s\u0131ras\u0131nda y\u00fczeydeki y\u00fcksek yay\u0131lma g\u00fcc\u00fc sayesinde zaman ve i\u015f\u00e7ilikten tasarruf sa\u011flar.<\/li>\n<li class=\"item_7\">Kokusuzdur.<\/li>\n<\/ul>\n<h4>Y\u00fczey Haz\u0131rl\u0131\u011f\u0131<\/h4>\n<p>Uygulama yap\u0131lacak y\u00fczeyler; sa\u011flam, her t\u00fcrl\u00fc kir, ya\u011f ve tozdan ar\u0131nd\u0131r\u0131lm\u0131\u015f, temiz ve kuru olmal\u0131d\u0131r. Eski boyalar kaz\u0131narak temizlenmeli ve duvardaki \u00e7atlaklar <a href=\"https:\/\/www.baumerk.com\/tr\/urun\/macun\/inpast-akrilik-ic-cephe-macunu\">INPAST Akrilik \u0130\u00e7 Cephe Macunu<\/a> ile doldurulmal\u0131d\u0131r. 24 saat kurumaya b\u0131rak\u0131lmal\u0131d\u0131r.<\/p>\n<h4>Uygulama<\/h4>\n<p>Su ile ilk ve ikinci kat i\u00e7in %10 oran\u0131nda inceltiniz. Boyay\u0131 kullanmadan \u00f6nce iyice kar\u0131\u015ft\u0131r\u0131n\u0131z ve boyay\u0131 ba\u015fka marka bir boya ile kar\u0131\u015ft\u0131rmay\u0131n\u0131z. Y\u00fczey haz\u0131rl\u0131\u011f\u0131 yap\u0131ld\u0131ktan sonra <a href=\"https:\/\/www.baumerk.com\/tr\/urun\/astarlar\/prime-c-17-dis-cephe-astari\">PRIME C 1\/7 Konsantre Astar<\/a> (1 birim astar \/ 7 birim su oran\u0131nda) su ile inceltildikten sonra tek kat olarak uygulan\u0131r ve 24 saat kurumaya b\u0131rak\u0131l\u0131r. Kuruma sa\u011fland\u0131ktan sonra <strong>INTERCO Silikonlu Mat Boya<\/strong> y\u00fczeye rulo, f\u0131r\u00e7a veya p\u00fcsk\u00fcrtme sistemi ile 2 kat uygulan\u0131r.<\/p>\n<p>Uygulama s\u0131ras\u0131nda uygulan\u0131lan y\u00fczey ve ortam s\u0131cakl\u0131\u011f\u0131 +5\u00baC ile +30\u00baC aras\u0131nda olmal\u0131d\u0131r.<\/p>\n<h4>Sarfiyat&nbsp;<\/h4>\n<p>0,160 &#8211; 0,170 L \/ m\u00b2 iki kat uygulamada.<\/p>\n<h4>Ambalaj<\/h4>\n<p>15 L \/ 7,5 L \/ 2,5 L\u2019lik plastik kova.<\/p>\n<h4>Depolama \u015eekli ve S\u00fcresi<\/h4>\n<p>A\u011fz\u0131 a\u00e7\u0131lmam\u0131\u015f orijinal ambalaj\u0131nda oda s\u0131cakl\u0131\u011f\u0131nda 2 y\u0131ld\u0131r.<\/p>\n","protected":false},"excerpt":{"rendered":"<p>Su bazl\u0131, silikon katk\u0131l\u0131, silinebilir, i\u00e7 cephe mat dekoratif son kat boyas\u0131.<\/p>\n","protected":false},"featured_media":1186,"comment_status":"closed","ping_status":"closed","template":"","meta":[],"product_brand":[],"product_cat":[197],"product_tag":[],"class_list":{"0":"post-1185","1":"product","2":"type-product","3":"status-publish","4":"has-post-thumbnail","6":"product_cat-boya-ve-kaplama-grubu","8":"first","9":"instock","10":"taxable","11":"shipping-taxable","12":"product-type-simple"},"_links":{"self":[{"href":"http:\/\/gonenyapi.com.tr\/index.php\/wp-json\/wp\/v2\/product\/1185","targetHints":{"allow":["GET"]}}],"collection":[{"href":"http:\/\/gonenyapi.com.tr\/index.php\/wp-json\/wp\/v2\/product"}],"about":[{"href":"http:\/\/gonenyapi.com.tr\/index.php\/wp-json\/wp\/v2\/types\/product"}],"replies":[{"embeddable":true,"href":"http:\/\/gonenyapi.com.tr\/index.php\/wp-json\/wp\/v2\/comments?post=1185"}],"wp:featuredmedia":[{"embeddable":true,"href":"http:\/\/gonenyapi.com.tr\/index.php\/wp-json\/wp\/v2\/media\/1186"}],"wp:attachment":[{"href":"http:\/\/gonenyapi.com.tr\/index.php\/wp-json\/wp\/v2\/media?parent=1185"}],"wp:term":[{"taxonomy":"product_brand","embeddable":true,"href":"http:\/\/gonenyapi.com.tr\/index.php\/wp-json\/wp\/v2\/product_brand?post=1185"},{"taxonomy":"product_cat","embeddable":true,"href":"http:\/\/gonenyapi.com.tr\/index.php\/wp-json\/wp\/v2\/product_cat?post=1185"},{"taxonomy":"product_tag","embeddable":true,"href":"http:\/\/gonenyapi.com.tr\/index.php\/wp-json\/wp\/v2\/product_tag?post=1185"}],"curies":[{"name":"wp","href":"https:\/\/api.w.org\/{rel}","templated":true}]}}